{"id":1825,"date":"2025-08-06T14:02:54","date_gmt":"2025-08-06T14:02:54","guid":{"rendered":"https:\/\/archivesdusenegal.gouv.sn\/?page_id=1825"},"modified":"2025-11-17T12:46:56","modified_gmt":"2025-11-17T12:46:56","slug":"journal-officiel-jo","status":"publish","type":"page","link":"https:\/\/archivesdusenegal.gouv.sn\/?page_id=1825","title":{"rendered":"Journal Officiel (JO)"},"content":{"rendered":"<p>[et_pb_section fb_built=\u00a0\u00bb1&Prime; admin_label=\u00a0\u00bbsection\u00a0\u00bb _builder_version=\u00a0\u00bb4.16&Prime; global_colors_info=\u00a0\u00bb{}\u00a0\u00bb][et_pb_row _builder_version=\u00a0\u00bb4.22.0&Prime; _module_preset=\u00a0\u00bbdefault\u00a0\u00bb global_colors_info=\u00a0\u00bb{}\u00a0\u00bb][et_pb_column type=\u00a0\u00bb4_4&Prime; _builder_version=\u00a0\u00bb4.22.0&Prime; _module_preset=\u00a0\u00bbdefault\u00a0\u00bb global_colors_info=\u00a0\u00bb{}\u00a0\u00bb][et_pb_accordion open_toggle_text_color=\u00a0\u00bb#00853F\u00a0\u00bb _builder_version=\u00a0\u00bb4.22.0&Prime; _module_preset=\u00a0\u00bbdefault\u00a0\u00bb toggle_text_color=\u00a0\u00bb#00853F\u00a0\u00bb body_font=\u00a0\u00bb|300|||||||\u00a0\u00bb body_text_align=\u00a0\u00bbjustify\u00a0\u00bb body_font_size=\u00a0\u00bb16px\u00a0\u00bb body_line_height=\u00a0\u00bb1.8em\u00a0\u00bb hover_enabled=\u00a0\u00bb0&Prime; global_colors_info=\u00a0\u00bb{}\u00a0\u00bb sticky_enabled=\u00a0\u00bb0&Prime;][et_pb_accordion_item open=\u00a0\u00bbon\u00a0\u00bb open_toggle_text_color=\u00a0\u00bb#000000&Prime; _builder_version=\u00a0\u00bb4.22.0&Prime; _module_preset=\u00a0\u00bbdefault\u00a0\u00bb body_font=\u00a0\u00bb|300|||||||\u00a0\u00bb body_text_color=\u00a0\u00bb#000000&Prime; hover_enabled=\u00a0\u00bb0&Prime; global_colors_info=\u00a0\u00bb{}\u00a0\u00bb body_font_size=\u00a0\u00bb19px\u00a0\u00bb body_line_height=\u00a0\u00bb2.1em\u00a0\u00bb sticky_enabled=\u00a0\u00bb0&Prime;]<\/p>\n<h1 style=\"text-align: center;\"><span style=\"color: #008000;\"><strong><em>JOURNAL OFFICIEL (JO)<\/em><\/strong><\/span><\/h1>\n<p><strong><em><\/em><\/strong><\/p>\n<p style=\"text-align: justify;\">Les Archives du S\u00e9n\u00e9gal conservent dans leurs fonds une collection du <em>Journal officiel<\/em><em>,<\/em> qui recense une grande partie des textes juridiques et r\u00e9glementaires pris par le Gouvernement du S\u00e9n\u00e9gal dans le cadre de son fonctionnement. Il s\u2019agit d\u2019un recueil regroupant, en g\u00e9n\u00e9ral, les ordonnances, les lois, les d\u00e9crets, les arr\u00eat\u00e9s, les d\u00e9cisions, les circulaires, les instructions, les proc\u00e8s-verbaux, etc., couvrant la p\u00e9riode allant de la R\u00e9publique fran\u00e7aise au S\u00e9n\u00e9gal ind\u00e9pendant.<\/p>\n<p style=\"text-align: justify;\">Le <em>Journal officiel<\/em> recense \u00e9galement certains textes non officiels, publi\u00e9s \u00e0 titre d\u2019information. En dehors des num\u00e9ros sp\u00e9ciaux, sa parution est hebdomadaire.<\/p>\n<p style=\"text-align: justify;\">Ainsi, l\u2019ensemble de ces textes constitue une source de recherche intarissable pour l\u2019administration publique et priv\u00e9e, les personnes physiques et morales.<\/p>\n<p style=\"text-align: justify;\">Nous conservons trois grandes collections du <em>Journal officiel<\/em>, t\u00e9moignant de l\u2019\u00e9volution juridique et administrative du pays, depuis la p\u00e9riode coloniale jusqu\u2019\u00e0 nos jours.<\/p>\n<h4 style=\"text-align: justify;\"><strong style=\"color: #333333; font-size: 18px;\"><\/strong><\/h4>\n<h3><span style=\"color: #339966;\"><strong style=\"font-size: 18px;\">1. <\/strong><\/span><span style=\"color: #339966;\"><strong>Collection d&rsquo;avant A.O.F. (Afrique Occidentale Fran\u00e7aise)<\/strong><\/span><\/h3>\n<p style=\"text-align: justify;\">Cette collection regroupe les premi\u00e8res publications administratives produites au S\u00e9n\u00e9gal avant la cr\u00e9ation de l\u2019A.O.F.<br \/><em>P\u00e9riode : 1819-1894<\/em><\/p>\n<h3 style=\"text-align: justify;\"><span style=\"color: #339966;\"><strong>2. Collection de l\u2019A.O.F. (Afrique Occidentale Fran\u00e7aise)<\/strong><\/span><\/h3>\n<p style=\"text-align: justify;\">Cette collection couvre la p\u00e9riode de l\u2019administration f\u00e9d\u00e9rale de l\u2019Afrique Occidentale Fran\u00e7aise.<br \/><em>P\u00e9riode : 1895 \u00e0 1958\u00a0 \u00a0 \u00a0 \u00a0 \u00a0<\/em><\/p>\n<h3 style=\"text-align: justify;\"><span style=\"color: #339966;\"><strong>3. Collection de la R\u00e9publique du S\u00e9n\u00e9gal<\/strong><\/span><\/h3>\n<p style=\"text-align: justify;\">Cette derni\u00e8re collection regroupe les publications officielles depuis l\u2019accession du S\u00e9n\u00e9gal \u00e0 l\u2019ind\u00e9pendance.<br \/><em>P\u00e9riode : 1958 \u00e0 nos jours\u00a0\u00a0\u00a0\u00a0\u00a0\u00a0\u00a0\u00a0\u00a0\u00a0 <\/em><\/p>\n<p style=\"text-align: justify;\"><span>\u00a0<\/span><\/p>\n<p>[\/et_pb_accordion_item][\/et_pb_accordion][\/et_pb_column][\/et_pb_row][\/et_pb_section]<\/p>\n","protected":false},"excerpt":{"rendered":"<p>JOURNAL OFFICIEL (JO) Les Archives du S\u00e9n\u00e9gal conservent dans leurs fonds une collection du Journal officiel, qui recense une grande partie des textes juridiques et r\u00e9glementaires pris par le Gouvernement du S\u00e9n\u00e9gal dans le cadre de son fonctionnement. Il s\u2019agit d\u2019un recueil regroupant, en g\u00e9n\u00e9ral, les ordonnances, les lois, les d\u00e9crets, les arr\u00eat\u00e9s, les d\u00e9cisions, [&hellip;]<\/p>\n","protected":false},"author":3,"featured_media":0,"parent":0,"menu_order":0,"comment_status":"closed","ping_status":"closed","template":"","meta":{"_et_pb_use_builder":"on","_et_pb_old_content":"<!-- wp:divi\/placeholder \/-->","_et_gb_content_width":"","footnotes":""},"class_list":["post-1825","page","type-page","status-publish","hentry"],"_links":{"self":[{"href":"https:\/\/archivesdusenegal.gouv.sn\/index.php?rest_route=\/wp\/v2\/pages\/1825","targetHints":{"allow":["GET"]}}],"collection":[{"href":"https:\/\/archivesdusenegal.gouv.sn\/index.php?rest_route=\/wp\/v2\/pages"}],"about":[{"href":"https:\/\/archivesdusenegal.gouv.sn\/index.php?rest_route=\/wp\/v2\/types\/page"}],"author":[{"embeddable":true,"href":"https:\/\/archivesdusenegal.gouv.sn\/index.php?rest_route=\/wp\/v2\/users\/3"}],"replies":[{"embeddable":true,"href":"https:\/\/archivesdusenegal.gouv.sn\/index.php?rest_route=%2Fwp%2Fv2%2Fcomments&post=1825"}],"version-history":[{"count":11,"href":"https:\/\/archivesdusenegal.gouv.sn\/index.php?rest_route=\/wp\/v2\/pages\/1825\/revisions"}],"predecessor-version":[{"id":2696,"href":"https:\/\/archivesdusenegal.gouv.sn\/index.php?rest_route=\/wp\/v2\/pages\/1825\/revisions\/2696"}],"wp:attachment":[{"href":"https:\/\/archivesdusenegal.gouv.sn\/index.php?rest_route=%2Fwp%2Fv2%2Fmedia&parent=1825"}],"curies":[{"name":"wp","href":"https:\/\/api.w.org\/{rel}","templated":true}]}}