{"id":2013,"date":"2025-09-08T11:45:29","date_gmt":"2025-09-08T11:45:29","guid":{"rendered":"https:\/\/archivesdusenegal.gouv.sn\/?page_id=2013"},"modified":"2025-11-17T15:44:04","modified_gmt":"2025-11-17T15:44:04","slug":"commemoration","status":"publish","type":"page","link":"https:\/\/archivesdusenegal.gouv.sn\/?page_id=2013","title":{"rendered":"Comm\u00e9moration"},"content":{"rendered":"<p>[et_pb_section fb_built=\u00a0\u00bb1&Prime; _builder_version=\u00a0\u00bb4.22.0&Prime; _module_preset=\u00a0\u00bbdefault\u00a0\u00bb global_colors_info=\u00a0\u00bb{}\u00a0\u00bb][et_pb_row _builder_version=\u00a0\u00bb4.22.0&Prime; _module_preset=\u00a0\u00bbdefault\u00a0\u00bb global_colors_info=\u00a0\u00bb{}\u00a0\u00bb][et_pb_column type=\u00a0\u00bb4_4&Prime; _builder_version=\u00a0\u00bb4.22.0&Prime; _module_preset=\u00a0\u00bbdefault\u00a0\u00bb global_colors_info=\u00a0\u00bb{}\u00a0\u00bb][et_pb_accordion _builder_version=\u00a0\u00bb4.22.0&Prime; _module_preset=\u00a0\u00bbdefault\u00a0\u00bb toggle_level=\u00a0\u00bbh3&Prime; body_font_size=\u00a0\u00bb16px\u00a0\u00bb body_line_height=\u00a0\u00bb1.8em\u00a0\u00bb hover_enabled=\u00a0\u00bb0&Prime; global_colors_info=\u00a0\u00bb{}\u00a0\u00bb sticky_enabled=\u00a0\u00bb0&Prime;][et_pb_accordion_item open=\u00a0\u00bbon\u00a0\u00bb open_toggle_text_color=\u00a0\u00bb#00853F\u00a0\u00bb _builder_version=\u00a0\u00bb4.22.0&Prime; _module_preset=\u00a0\u00bbdefault\u00a0\u00bb body_font=\u00a0\u00bb|300|||||||\u00a0\u00bb body_text_color=\u00a0\u00bb#000000&Prime; body_font_size=\u00a0\u00bb18px\u00a0\u00bb body_line_height=\u00a0\u00bb1.8em\u00a0\u00bb hover_enabled=\u00a0\u00bb0&Prime; global_colors_info=\u00a0\u00bb{}\u00a0\u00bb toggle_level=\u00a0\u00bbh2&Prime; sticky_enabled=\u00a0\u00bb0&Prime; toggle_font_size=\u00a0\u00bb29px\u00a0\u00bb]<\/p>\n<h2 style=\"text-align: center;\"><strong><span style=\"color: #339966;\">COMMEMORATIONS<\/span><\/strong><\/h2>\n<p>&nbsp;<\/p>\n<p>L\u2019organisation des comm\u00e9morations s\u2019inscrit dans le calendrier des activit\u00e9s de la Direction des Archives du S\u00e9n\u00e9gal.<br \/>Nous vous invitons \u00e0 d\u00e9couvrir quelques \u00e9v\u00e9nements comm\u00e9moratifs marquants :<\/p>\n<ul>\n<li>\n<h3><span style=\"color: #000000;\"><strong>Le Centenaire des Archives du S\u00e9n\u00e9gal<\/strong><\/span><\/h3>\n<\/li>\n<\/ul>\n<p>Apr\u00e8s avoir c\u00e9l\u00e9br\u00e9 le 75\u1d49 anniversaire des Archives en 1990 et le centenaire de la cr\u00e9ation de l\u2019Afrique Occidentale Fran\u00e7aise (A.O.F.) en 1995, la Direction des Archives du S\u00e9n\u00e9gal a comm\u00e9mor\u00e9 le centenaire de la cr\u00e9ation des Archives nationales du 1er au 3 juillet 2013.<\/p>\n<ul>\n<li>\n<h3><strong>La Semaine internationale des Archives<\/strong><\/h3>\n<\/li>\n<\/ul>\n<p>Initi\u00e9e par le Conseil international des Archives (ICA), cette semaine est c\u00e9l\u00e9br\u00e9e chaque ann\u00e9e autour du 9 juin, date de la Journ\u00e9e internationale des Archives. Elle constitue une occasion privil\u00e9gi\u00e9e de sensibiliser le public \u00e0 l\u2019importance des archives et de leur pr\u00e9servation.<br \/>L\u2019\u00e9dition de juin 2025 a \u00e9t\u00e9 particuli\u00e8rement marqu\u00e9e par la prise de service du nouveau Directeur des Archives du S\u00e9n\u00e9gal.<\/p>\n<ul>\n<li>\n<h3><strong>Hommage aux tirailleurs s\u00e9n\u00e9galais<\/strong><\/h3>\n<\/li>\n<\/ul>\n<p>La comm\u00e9moration du 80\u1d49 anniversaire du massacre des tirailleurs s\u00e9n\u00e9galais a \u00e9t\u00e9 un \u00e9v\u00e9nement majeur document\u00e9 par les Archives. D\u00e9sormais, le 1er d\u00e9cembre est reconnu comme la Journ\u00e9e du tirailleur, un moment de m\u00e9moire et de reconnaissance d\u00e9di\u00e9 aux victimes, afin de r\u00e9tablir la v\u00e9rit\u00e9 historique et de lutter contre l\u2019oubli et l\u2019injustice.<\/p>\n<p>Cette comm\u00e9moration vise \u00e0 rendre hommage aux victimes, \u00e0 restaurer la v\u00e9rit\u00e9 historique et \u00e0 lever l\u2019omerta qui a longtemps entour\u00e9 le massacre survenu le 1er d\u00e9cembre 1944.<\/p>\n<p>&nbsp;<\/p>\n<p>&nbsp;<\/p>\n<p>&nbsp;<\/p>\n<p>[\/et_pb_accordion_item][\/et_pb_accordion][\/et_pb_column][\/et_pb_row][\/et_pb_section]<\/p>\n","protected":false},"excerpt":{"rendered":"<p>COMMEMORATIONS &nbsp; L\u2019organisation des comm\u00e9morations s\u2019inscrit dans le calendrier des activit\u00e9s de la Direction des Archives du S\u00e9n\u00e9gal.Nous vous invitons \u00e0 d\u00e9couvrir quelques \u00e9v\u00e9nements comm\u00e9moratifs marquants : Le Centenaire des Archives du S\u00e9n\u00e9gal Apr\u00e8s avoir c\u00e9l\u00e9br\u00e9 le 75\u1d49 anniversaire des Archives en 1990 et le centenaire de la cr\u00e9ation de l\u2019Afrique Occidentale Fran\u00e7aise (A.O.F.) en [&hellip;]<\/p>\n","protected":false},"author":3,"featured_media":0,"parent":0,"menu_order":0,"comment_status":"closed","ping_status":"closed","template":"","meta":{"_et_pb_use_builder":"on","_et_pb_old_content":"<!-- wp:divi\/placeholder \/-->","_et_gb_content_width":"","footnotes":""},"class_list":["post-2013","page","type-page","status-publish","hentry"],"_links":{"self":[{"href":"https:\/\/archivesdusenegal.gouv.sn\/index.php?rest_route=\/wp\/v2\/pages\/2013","targetHints":{"allow":["GET"]}}],"collection":[{"href":"https:\/\/archivesdusenegal.gouv.sn\/index.php?rest_route=\/wp\/v2\/pages"}],"about":[{"href":"https:\/\/archivesdusenegal.gouv.sn\/index.php?rest_route=\/wp\/v2\/types\/page"}],"author":[{"embeddable":true,"href":"https:\/\/archivesdusenegal.gouv.sn\/index.php?rest_route=\/wp\/v2\/users\/3"}],"replies":[{"embeddable":true,"href":"https:\/\/archivesdusenegal.gouv.sn\/index.php?rest_route=%2Fwp%2Fv2%2Fcomments&post=2013"}],"version-history":[{"count":7,"href":"https:\/\/archivesdusenegal.gouv.sn\/index.php?rest_route=\/wp\/v2\/pages\/2013\/revisions"}],"predecessor-version":[{"id":2716,"href":"https:\/\/archivesdusenegal.gouv.sn\/index.php?rest_route=\/wp\/v2\/pages\/2013\/revisions\/2716"}],"wp:attachment":[{"href":"https:\/\/archivesdusenegal.gouv.sn\/index.php?rest_route=%2Fwp%2Fv2%2Fmedia&parent=2013"}],"curies":[{"name":"wp","href":"https:\/\/api.w.org\/{rel}","templated":true}]}}