{"id":2021,"date":"2025-09-08T12:50:51","date_gmt":"2025-09-08T12:50:51","guid":{"rendered":"https:\/\/archivesdusenegal.gouv.sn\/?page_id=2021"},"modified":"2025-10-23T08:36:49","modified_gmt":"2025-10-23T08:36:49","slug":"stages","status":"publish","type":"page","link":"https:\/\/archivesdusenegal.gouv.sn\/?page_id=2021","title":{"rendered":"Stages"},"content":{"rendered":"<p>[et_pb_section fb_built=\u00a0\u00bb1&Prime; _builder_version=\u00a0\u00bb4.22.0&Prime; _module_preset=\u00a0\u00bbdefault\u00a0\u00bb global_colors_info=\u00a0\u00bb{}\u00a0\u00bb][et_pb_row _builder_version=\u00a0\u00bb4.22.0&Prime; _module_preset=\u00a0\u00bbdefault\u00a0\u00bb global_colors_info=\u00a0\u00bb{}\u00a0\u00bb][et_pb_column type=\u00a0\u00bb4_4&Prime; _builder_version=\u00a0\u00bb4.22.0&Prime; _module_preset=\u00a0\u00bbdefault\u00a0\u00bb global_colors_info=\u00a0\u00bb{}\u00a0\u00bb][et_pb_accordion open_toggle_text_color=\u00a0\u00bb#000000&Prime; _builder_version=\u00a0\u00bb4.22.0&Prime; _module_preset=\u00a0\u00bbdefault\u00a0\u00bb body_text_color=\u00a0\u00bb#000000&Prime; hover_enabled=\u00a0\u00bb0&Prime; global_colors_info=\u00a0\u00bb{}\u00a0\u00bb sticky_enabled=\u00a0\u00bb0&Prime;][et_pb_accordion_item title=\u00a0\u00bbP\u00e9dagogie \u00a0\u00bb open=\u00a0\u00bbon\u00a0\u00bb _builder_version=\u00a0\u00bb4.22.0&Prime; _module_preset=\u00a0\u00bbdefault\u00a0\u00bb body_text_color=\u00a0\u00bb#000000&Prime; hover_enabled=\u00a0\u00bb0&Prime; global_colors_info=\u00a0\u00bb{}\u00a0\u00bb sticky_enabled=\u00a0\u00bb0&Prime;]<\/p>\n<p style=\"text-align: justify;\">Par des initiatives participatives permettant de sensibiliser le public de l\u2019importance des archives et des collections, le bureau des activit\u00e9s \u00e9ducatives propose aux \u00e9tablissements scolaires des rencontres autour de plusieurs th\u00e9matiques, en collaboration avec la direction.<\/p>\n<p style=\"text-align: justify;\">Dans le pass\u00e9, le bureau \u00e9ducatif \u00e0 pu organis\u00e9 quelques \u00e9v\u00e9nements comme le concour jeune historien du :<\/p>\n<ul>\n<li>\u00a006 janvier 1988 : concours du jeune historien aux Archives nationales avec comme th\u00e8me : Urbanisation de la ville de Dakar \u00e0 partir de 1887 ; Evolution administrative de la commune de Dakar \u00e0 partir de 1887,<\/li>\n<li>\u00a010 janvier 1996 : concours du jeune historien aux Archives nationales avec comme th\u00e8me : Le bombardement de Dakar, 23, 24, 25 septembre 1940,<\/li>\n<li>\u00a016 janvier 1991 : concours du jeune historien aux Archives nationales avec comme th\u00e8me : La peste \u00e0 Dakar en 1914.<\/li>\n<\/ul>\n<p>[\/et_pb_accordion_item][\/et_pb_accordion][\/et_pb_column][\/et_pb_row][\/et_pb_section]<\/p>\n","protected":false},"excerpt":{"rendered":"<p>Par des initiatives participatives permettant de sensibiliser le public de l\u2019importance des archives et des collections, le bureau des activit\u00e9s \u00e9ducatives propose aux \u00e9tablissements scolaires des rencontres autour de plusieurs th\u00e9matiques, en collaboration avec la direction. Dans le pass\u00e9, le bureau \u00e9ducatif \u00e0 pu organis\u00e9 quelques \u00e9v\u00e9nements comme le concour jeune historien du : \u00a006 [&hellip;]<\/p>\n","protected":false},"author":3,"featured_media":0,"parent":0,"menu_order":0,"comment_status":"closed","ping_status":"closed","template":"","meta":{"_et_pb_use_builder":"on","_et_pb_old_content":"<!-- wp:divi\/placeholder \/-->","_et_gb_content_width":"","footnotes":""},"class_list":["post-2021","page","type-page","status-publish","hentry"],"_links":{"self":[{"href":"https:\/\/archivesdusenegal.gouv.sn\/index.php?rest_route=\/wp\/v2\/pages\/2021","targetHints":{"allow":["GET"]}}],"collection":[{"href":"https:\/\/archivesdusenegal.gouv.sn\/index.php?rest_route=\/wp\/v2\/pages"}],"about":[{"href":"https:\/\/archivesdusenegal.gouv.sn\/index.php?rest_route=\/wp\/v2\/types\/page"}],"author":[{"embeddable":true,"href":"https:\/\/archivesdusenegal.gouv.sn\/index.php?rest_route=\/wp\/v2\/users\/3"}],"replies":[{"embeddable":true,"href":"https:\/\/archivesdusenegal.gouv.sn\/index.php?rest_route=%2Fwp%2Fv2%2Fcomments&post=2021"}],"version-history":[{"count":6,"href":"https:\/\/archivesdusenegal.gouv.sn\/index.php?rest_route=\/wp\/v2\/pages\/2021\/revisions"}],"predecessor-version":[{"id":2318,"href":"https:\/\/archivesdusenegal.gouv.sn\/index.php?rest_route=\/wp\/v2\/pages\/2021\/revisions\/2318"}],"wp:attachment":[{"href":"https:\/\/archivesdusenegal.gouv.sn\/index.php?rest_route=%2Fwp%2Fv2%2Fmedia&parent=2021"}],"curies":[{"name":"wp","href":"https:\/\/api.w.org\/{rel}","templated":true}]}}

<p>[et_pb_section fb_built= »1&Prime; _builder_version= »4.22.0&Prime; _module_preset= »default » global_colors_info= »{} »][et_pb_row _builder_version= »4.22.0&Prime; _module_preset= »default » global_colors_info= »{} »][et_pb_column type= »4_4&Prime; _builder_version= »4.22.0&Prime; _module_preset= »default » global_colors_info= »{} »][et_pb_accordion open_toggle_text_color= »#000000&Prime; _builder_version= »4.22.0&Prime; _module_preset= »default » body_text_color= »#000000&Prime; hover_enabled= »0&Prime; global_colors_info= »{} » sticky_enabled= »0&Prime;][et_pb_accordion_item title= »Pédagogie  » open= »on » _builder_version= »4.22.0&Prime; _module_preset= »default » body_text_color= »#000000&Prime; hover_enabled= »0&Prime; global_colors_info= »{} » sticky_enabled= »0&Prime;]</p>
<p style="text-align: justify;">Par des initiatives participatives permettant de sensibiliser le public de l’importance des archives et des collections, le bureau des activités éducatives propose aux établissements scolaires des rencontres autour de plusieurs thématiques, en collaboration avec la direction.</p>
<p style="text-align: justify;">Dans le passé, le bureau éducatif à pu organisé quelques événements comme le concour jeune historien du :</p>
<ul>
<li> 06 janvier 1988 : concours du jeune historien aux Archives nationales avec comme thème : Urbanisation de la ville de Dakar à partir de 1887 ; Evolution administrative de la commune de Dakar à partir de 1887,</li>
<li> 10 janvier 1996 : concours du jeune historien aux Archives nationales avec comme thème : Le bombardement de Dakar, 23, 24, 25 septembre 1940,</li>
<li> 16 janvier 1991 : concours du jeune historien aux Archives nationales avec comme thème : La peste à Dakar en 1914.</li>
</ul>
<p>[/et_pb_accordion_item][/et_pb_accordion][/et_pb_column][/et_pb_row][/et_pb_section]</p>

<p>Par des initiatives participatives permettant de sensibiliser le public de l’importance des archives et des collections, le bureau des activités éducatives propose aux établissements scolaires des rencontres autour de plusieurs thématiques, en collaboration avec la direction. Dans le passé, le bureau éducatif à pu organisé quelques événements comme le concour jeune historien du :  06 [&hellip;]</p>
