{"id":2023,"date":"2025-09-08T12:58:51","date_gmt":"2025-09-08T12:58:51","guid":{"rendered":"https:\/\/archivesdusenegal.gouv.sn\/?page_id=2023"},"modified":"2025-11-16T23:04:53","modified_gmt":"2025-11-16T23:04:53","slug":"fonds-speciaux","status":"publish","type":"page","link":"https:\/\/archivesdusenegal.gouv.sn\/?page_id=2023","title":{"rendered":"Fonds sp\u00e9ciaux"},"content":{"rendered":"<p>[et_pb_section fb_built=\u00a0\u00bb1&Prime; _builder_version=\u00a0\u00bb4.22.0&Prime; _module_preset=\u00a0\u00bbdefault\u00a0\u00bb global_colors_info=\u00a0\u00bb{}\u00a0\u00bb][et_pb_row _builder_version=\u00a0\u00bb4.22.0&Prime; _module_preset=\u00a0\u00bbdefault\u00a0\u00bb global_colors_info=\u00a0\u00bb{}\u00a0\u00bb][et_pb_column type=\u00a0\u00bb4_4&Prime; _builder_version=\u00a0\u00bb4.22.0&Prime; _module_preset=\u00a0\u00bbdefault\u00a0\u00bb global_colors_info=\u00a0\u00bb{}\u00a0\u00bb][et_pb_text _builder_version=\u00a0\u00bb4.22.0&Prime; _module_preset=\u00a0\u00bbdefault\u00a0\u00bb text_text_color=\u00a0\u00bb#000000&Prime; text_font_size=\u00a0\u00bb39px\u00a0\u00bb text_orientation=\u00a0\u00bbcenter\u00a0\u00bb global_colors_info=\u00a0\u00bb{}\u00a0\u00bb]<\/p>\n<p>Fonds sp\u00e9ciaux<\/p>\n<p>[\/et_pb_text][\/et_pb_column][\/et_pb_row][et_pb_row column_structure=\u00a0\u00bb1_2,1_2&Prime; _builder_version=\u00a0\u00bb4.22.0&Prime; _module_preset=\u00a0\u00bbdefault\u00a0\u00bb global_colors_info=\u00a0\u00bb{}\u00a0\u00bb][et_pb_column type=\u00a0\u00bb1_2&Prime; _builder_version=\u00a0\u00bb4.22.0&Prime; _module_preset=\u00a0\u00bbdefault\u00a0\u00bb global_colors_info=\u00a0\u00bb{}\u00a0\u00bb][et_pb_accordion _builder_version=\u00a0\u00bb4.22.0&Prime; _module_preset=\u00a0\u00bbdefault\u00a0\u00bb hover_enabled=\u00a0\u00bb0&Prime; global_colors_info=\u00a0\u00bb{}\u00a0\u00bb open_toggle_text_color=\u00a0\u00bb#00853F\u00a0\u00bb toggle_text_color=\u00a0\u00bb#00853F\u00a0\u00bb toggle_font=\u00a0\u00bb|600|||||||\u00a0\u00bb sticky_enabled=\u00a0\u00bb0&Prime; body_font=\u00a0\u00bb|300|||||||\u00a0\u00bb body_font_size=\u00a0\u00bb16px\u00a0\u00bb body_line_height=\u00a0\u00bb1.8em\u00a0\u00bb][et_pb_accordion_item title=\u00a0\u00bbFESMAN\u00a0\u00bb open=\u00a0\u00bbon\u00a0\u00bb open_toggle_text_color=\u00a0\u00bb#00853F\u00a0\u00bb _builder_version=\u00a0\u00bb4.22.0&Prime; _module_preset=\u00a0\u00bbdefault\u00a0\u00bb body_text_color=\u00a0\u00bb#000000&Prime; hover_enabled=\u00a0\u00bb0&Prime; global_colors_info=\u00a0\u00bb{}\u00a0\u00bb toggle_text_color=\u00a0\u00bb#00853F\u00a0\u00bb sticky_enabled=\u00a0\u00bb0&Prime;]<\/p>\n<p style=\"text-align: justify;\">Le fonds du Festival Mondial des Arts N\u00e9gres (1963 \u2013 1967) provient du Commissariat National du Festival Mondial des Arts N\u00e9gres.<\/p>\n<p>C\u2019est un petit fonds de 48 articles soit \u00a02,5 m\u00e8tres\u00a0 lin\u00e9aires. \u00a0Ce fonds clos, r\u00e9cup\u00e9r\u00e9 dans les bureaux du Commissariat National du Festival Mondial des Arts N\u00e8gres, class\u00e9 et r\u00e9pertori\u00e9, permet de mieux comprendre les buts poursuivis par le grand rassemblement mondial des arts n\u00e8gres.<\/p>\n<p>Il contient des documents portant essentiellement sur l\u2019organisation du festival\u00a0: colloques, conf\u00e9rences, spectacles,\u00a0 projections de film, expositions, allocutions etc\u2026.<\/p>\n<p>Ces documents pourraient int\u00e9resser les ethnologues, sociologues, historiens, linguistes, \u00e9crivains, artistes et autres chercheurs\u2026\u2026<\/p>\n<p>[\/et_pb_accordion_item][\/et_pb_accordion][\/et_pb_column][et_pb_column type=\u00a0\u00bb1_2&Prime; _builder_version=\u00a0\u00bb4.22.0&Prime; _module_preset=\u00a0\u00bbdefault\u00a0\u00bb global_colors_info=\u00a0\u00bb{}\u00a0\u00bb][et_pb_accordion _builder_version=\u00a0\u00bb4.22.0&Prime; _module_preset=\u00a0\u00bbdefault\u00a0\u00bb hover_enabled=\u00a0\u00bb0&Prime; global_colors_info=\u00a0\u00bb{}\u00a0\u00bb body_font=\u00a0\u00bb|300|||||||\u00a0\u00bb body_font_size=\u00a0\u00bb16px\u00a0\u00bb body_line_height=\u00a0\u00bb1.8em\u00a0\u00bb sticky_enabled=\u00a0\u00bb0&Prime; toggle_font=\u00a0\u00bb|600|||||||\u00a0\u00bb toggle_text_color=\u00a0\u00bb#00853f\u00a0\u00bb][et_pb_accordion_item title=\u00a0\u00bbCHAMBRE DE COMMERCE\u00a0\u00bb open=\u00a0\u00bbon\u00a0\u00bb open_toggle_text_color=\u00a0\u00bb#00853F\u00a0\u00bb _builder_version=\u00a0\u00bb4.22.0&Prime; _module_preset=\u00a0\u00bbdefault\u00a0\u00bb body_text_color=\u00a0\u00bb#000000&Prime; hover_enabled=\u00a0\u00bb0&Prime; global_colors_info=\u00a0\u00bb{}\u00a0\u00bb sticky_enabled=\u00a0\u00bb0&Prime; toggle_text_color=\u00a0\u00bb#00853F\u00a0\u00bb]<\/p>\n<p style=\"text-align: justify;\">Le fonds de la Chambre de commerce, d\u2019agriculture et d\u2019industrie de Dakar (1907 \u2013 1975) est compos\u00e9 de 818 articles soit 95 m\u00e8tres lin\u00e9aires.<\/p>\n<p>Il provient de la Chambre de commerce et d\u2019industrie de Dakar. Les documents de fonds,\u00a0 enti\u00e8rement class\u00e9s et r\u00e9pertori\u00e9s, ont \u00e9t\u00e9 vers\u00e9s par la Chambre de commerce de Dakar et le Gouvernement du S\u00e9n\u00e9gal colonial.<\/p>\n<p>Ce fonds ouvert, est surtout\u00a0 utile pour des recherches sur l\u2019\u00e9volution du syst\u00e8me \u00e9conomique du pays (commerce, industrie, agriculture, main d\u2019\u0153uvre, etc\u2026)<\/p>\n<p>Les sources compl\u00e9mentaires de ce fonds sont\u00a0:<\/p>\n<ul>\n<li>S\u00e9rie K\u00a0: travail et main d\u2019\u0153uvre en AOF 1920 -1958<\/li>\n<li>S\u00e9rie Q\u00a0: affaires \u00e9conomiques en AOF 1782 \u2013 1958<\/li>\n<li>S\u00e9rie R\u00a0: affaires agricoles en AOF 1882 \u2013 1959<\/li>\n<\/ul>\n<p>[\/et_pb_accordion_item][\/et_pb_accordion][\/et_pb_column][\/et_pb_row][et_pb_row column_structure=\u00a0\u00bb1_2,1_2&Prime; _builder_version=\u00a0\u00bb4.22.0&Prime; _module_preset=\u00a0\u00bbdefault\u00a0\u00bb global_colors_info=\u00a0\u00bb{}\u00a0\u00bb][et_pb_column type=\u00a0\u00bb1_2&Prime; _builder_version=\u00a0\u00bb4.22.0&Prime; _module_preset=\u00a0\u00bbdefault\u00a0\u00bb global_colors_info=\u00a0\u00bb{}\u00a0\u00bb][et_pb_button button_text=\u00a0\u00bbFestival Mondial des Arts N\u00e8gres (FESMAN)\u00a0\u00bb _builder_version=\u00a0\u00bb4.22.0&Prime; _module_preset=\u00a0\u00bbdefault\u00a0\u00bb button_text_size=\u00a0\u00bb29px\u00a0\u00bb button_text_color=\u00a0\u00bb#00853F\u00a0\u00bb button_border_width=\u00a0\u00bb2px\u00a0\u00bb button_border_radius=\u00a0\u00bb25px\u00a0\u00bb button_icon=\u00a0\u00bb&#xf1c1;||fa||400&Prime; button_icon_color=\u00a0\u00bb#000000&Prime; button_text_shadow_style=\u00a0\u00bbpreset4&Prime; button_text_shadow_color=\u00a0\u00bb#000000&Prime; box_shadow_style=\u00a0\u00bbpreset6&Prime; box_shadow_horizontal=\u00a0\u00bb12px\u00a0\u00bb box_shadow_blur=\u00a0\u00bb30px\u00a0\u00bb global_colors_info=\u00a0\u00bb{}\u00a0\u00bb][\/et_pb_button][\/et_pb_column][et_pb_column type=\u00a0\u00bb1_2&Prime; _builder_version=\u00a0\u00bb4.22.0&Prime; _module_preset=\u00a0\u00bbdefault\u00a0\u00bb global_colors_info=\u00a0\u00bb{}\u00a0\u00bb][et_pb_button button_text=\u00a0\u00bbChambre de commerce de Dakar\u00a0\u00bb _builder_version=\u00a0\u00bb4.22.0&Prime; _module_preset=\u00a0\u00bbdefault\u00a0\u00bb button_text_size=\u00a0\u00bb29px\u00a0\u00bb button_text_color=\u00a0\u00bb#00853F\u00a0\u00bb button_border_radius=\u00a0\u00bb25px\u00a0\u00bb button_icon=\u00a0\u00bb&#xf1c1;||fa||400&Prime; button_icon_color=\u00a0\u00bb#000000&Prime; button_text_shadow_style=\u00a0\u00bbpreset4&Prime; button_text_shadow_color=\u00a0\u00bb#000000&Prime; box_shadow_style=\u00a0\u00bbpreset6&Prime; box_shadow_horizontal=\u00a0\u00bb12px\u00a0\u00bb box_shadow_blur=\u00a0\u00bb28px\u00a0\u00bb global_colors_info=\u00a0\u00bb{}\u00a0\u00bb][\/et_pb_button][\/et_pb_column][\/et_pb_row][\/et_pb_section]<\/p>\n","protected":false},"excerpt":{"rendered":"<p>Fonds sp\u00e9ciauxLe fonds du Festival Mondial des Arts N\u00e9gres (1963 \u2013 1967) provient du Commissariat National du Festival Mondial des Arts N\u00e9gres. C\u2019est un petit fonds de 48 articles soit \u00a02,5 m\u00e8tres\u00a0 lin\u00e9aires. \u00a0Ce fonds clos, r\u00e9cup\u00e9r\u00e9 dans les bureaux du Commissariat National du Festival Mondial des Arts N\u00e8gres, class\u00e9 et r\u00e9pertori\u00e9, permet de mieux [&hellip;]<\/p>\n","protected":false},"author":3,"featured_media":0,"parent":0,"menu_order":0,"comment_status":"closed","ping_status":"closed","template":"","meta":{"_et_pb_use_builder":"on","_et_pb_old_content":"<!-- wp:divi\/placeholder \/-->","_et_gb_content_width":"","footnotes":""},"class_list":["post-2023","page","type-page","status-publish","hentry"],"_links":{"self":[{"href":"https:\/\/archivesdusenegal.gouv.sn\/index.php?rest_route=\/wp\/v2\/pages\/2023","targetHints":{"allow":["GET"]}}],"collection":[{"href":"https:\/\/archivesdusenegal.gouv.sn\/index.php?rest_route=\/wp\/v2\/pages"}],"about":[{"href":"https:\/\/archivesdusenegal.gouv.sn\/index.php?rest_route=\/wp\/v2\/types\/page"}],"author":[{"embeddable":true,"href":"https:\/\/archivesdusenegal.gouv.sn\/index.php?rest_route=\/wp\/v2\/users\/3"}],"replies":[{"embeddable":true,"href":"https:\/\/archivesdusenegal.gouv.sn\/index.php?rest_route=%2Fwp%2Fv2%2Fcomments&post=2023"}],"version-history":[{"count":9,"href":"https:\/\/archivesdusenegal.gouv.sn\/index.php?rest_route=\/wp\/v2\/pages\/2023\/revisions"}],"predecessor-version":[{"id":2632,"href":"https:\/\/archivesdusenegal.gouv.sn\/index.php?rest_route=\/wp\/v2\/pages\/2023\/revisions\/2632"}],"wp:attachment":[{"href":"https:\/\/archivesdusenegal.gouv.sn\/index.php?rest_route=%2Fwp%2Fv2%2Fmedia&parent=2023"}],"curies":[{"name":"wp","href":"https:\/\/api.w.org\/{rel}","templated":true}]}}

Fonds spéciaux

<p>[et_pb_section fb_built= »1&Prime; _builder_version= »4.22.0&Prime; _module_preset= »default » global_colors_info= »{} »][et_pb_row _builder_version= »4.22.0&Prime; _module_preset= »default » global_colors_info= »{} »][et_pb_column type= »4_4&Prime; _builder_version= »4.22.0&Prime; _module_preset= »default » global_colors_info= »{} »][et_pb_text _builder_version= »4.22.0&Prime; _module_preset= »default » text_text_color= »#000000&Prime; text_font_size= »39px » text_orientation= »center » global_colors_info= »{} »]</p>
<p>Fonds spéciaux</p>
<p>[/et_pb_text][/et_pb_column][/et_pb_row][et_pb_row column_structure= »1_2,1_2&Prime; _builder_version= »4.22.0&Prime; _module_preset= »default » global_colors_info= »{} »][et_pb_column type= »1_2&Prime; _builder_version= »4.22.0&Prime; _module_preset= »default » global_colors_info= »{} »][et_pb_accordion _builder_version= »4.22.0&Prime; _module_preset= »default » hover_enabled= »0&Prime; global_colors_info= »{} » open_toggle_text_color= »#00853F » toggle_text_color= »#00853F » toggle_font= »|600||||||| » sticky_enabled= »0&Prime; body_font= »|300||||||| » body_font_size= »16px » body_line_height= »1.8em »][et_pb_accordion_item title= »FESMAN » open= »on » open_toggle_text_color= »#00853F » _builder_version= »4.22.0&Prime; _module_preset= »default » body_text_color= »#000000&Prime; hover_enabled= »0&Prime; global_colors_info= »{} » toggle_text_color= »#00853F » sticky_enabled= »0&Prime;]</p>
<p style="text-align: justify;">Le fonds du Festival Mondial des Arts Négres (1963 – 1967) provient du Commissariat National du Festival Mondial des Arts Négres.</p>
<p>C’est un petit fonds de 48 articles soit  2,5 mètres  linéaires.  Ce fonds clos, récupéré dans les bureaux du Commissariat National du Festival Mondial des Arts Nègres, classé et répertorié, permet de mieux comprendre les buts poursuivis par le grand rassemblement mondial des arts nègres.</p>
<p>Il contient des documents portant essentiellement sur l’organisation du festival : colloques, conférences, spectacles,  projections de film, expositions, allocutions etc….</p>
<p>Ces documents pourraient intéresser les ethnologues, sociologues, historiens, linguistes, écrivains, artistes et autres chercheurs……</p>
<p>[/et_pb_accordion_item][/et_pb_accordion][/et_pb_column][et_pb_column type= »1_2&Prime; _builder_version= »4.22.0&Prime; _module_preset= »default » global_colors_info= »{} »][et_pb_accordion _builder_version= »4.22.0&Prime; _module_preset= »default » hover_enabled= »0&Prime; global_colors_info= »{} » body_font= »|300||||||| » body_font_size= »16px » body_line_height= »1.8em » sticky_enabled= »0&Prime; toggle_font= »|600||||||| » toggle_text_color= »#00853f »][et_pb_accordion_item title= »CHAMBRE DE COMMERCE » open= »on » open_toggle_text_color= »#00853F » _builder_version= »4.22.0&Prime; _module_preset= »default » body_text_color= »#000000&Prime; hover_enabled= »0&Prime; global_colors_info= »{} » sticky_enabled= »0&Prime; toggle_text_color= »#00853F »]</p>
<p style="text-align: justify;">Le fonds de la Chambre de commerce, d’agriculture et d’industrie de Dakar (1907 – 1975) est composé de 818 articles soit 95 mètres linéaires.</p>
<p>Il provient de la Chambre de commerce et d’industrie de Dakar. Les documents de fonds,  entièrement classés et répertoriés, ont été versés par la Chambre de commerce de Dakar et le Gouvernement du Sénégal colonial.</p>
<p>Ce fonds ouvert, est surtout  utile pour des recherches sur l’évolution du système économique du pays (commerce, industrie, agriculture, main d’œuvre, etc…)</p>
<p>Les sources complémentaires de ce fonds sont :</p>
<ul>
<li>Série K : travail et main d’œuvre en AOF 1920 -1958</li>
<li>Série Q : affaires économiques en AOF 1782 – 1958</li>
<li>Série R : affaires agricoles en AOF 1882 – 1959</li>
</ul>
<p>[/et_pb_accordion_item][/et_pb_accordion][/et_pb_column][/et_pb_row][et_pb_row column_structure= »1_2,1_2&Prime; _builder_version= »4.22.0&Prime; _module_preset= »default » global_colors_info= »{} »][et_pb_column type= »1_2&Prime; _builder_version= »4.22.0&Prime; _module_preset= »default » global_colors_info= »{} »][et_pb_button button_text= »Festival Mondial des Arts Nègres (FESMAN) » _builder_version= »4.22.0&Prime; _module_preset= »default » button_text_size= »29px » button_text_color= »#00853F » button_border_width= »2px » button_border_radius= »25px » button_icon= »&#xf1c1;||fa||400&Prime; button_icon_color= »#000000&Prime; button_text_shadow_style= »preset4&Prime; button_text_shadow_color= »#000000&Prime; box_shadow_style= »preset6&Prime; box_shadow_horizontal= »12px » box_shadow_blur= »30px » global_colors_info= »{} »][/et_pb_button][/et_pb_column][et_pb_column type= »1_2&Prime; _builder_version= »4.22.0&Prime; _module_preset= »default » global_colors_info= »{} »][et_pb_button button_text= »Chambre de commerce de Dakar » _builder_version= »4.22.0&Prime; _module_preset= »default » button_text_size= »29px » button_text_color= »#00853F » button_border_radius= »25px » button_icon= »&#xf1c1;||fa||400&Prime; button_icon_color= »#000000&Prime; button_text_shadow_style= »preset4&Prime; button_text_shadow_color= »#000000&Prime; box_shadow_style= »preset6&Prime; box_shadow_horizontal= »12px » box_shadow_blur= »28px » global_colors_info= »{} »][/et_pb_button][/et_pb_column][/et_pb_row][/et_pb_section]</p>

<p>Fonds spéciauxLe fonds du Festival Mondial des Arts Négres (1963 – 1967) provient du Commissariat National du Festival Mondial des Arts Négres. C’est un petit fonds de 48 articles soit  2,5 mètres  linéaires.  Ce fonds clos, récupéré dans les bureaux du Commissariat National du Festival Mondial des Arts Nègres, classé et répertorié, permet de mieux [&hellip;]</p>
