{"id":2806,"date":"2025-12-01T16:08:48","date_gmt":"2025-12-01T16:08:48","guid":{"rendered":"https:\/\/archivesdusenegal.gouv.sn\/?page_id=2806"},"modified":"2026-04-17T11:06:15","modified_gmt":"2026-04-17T11:06:15","slug":"thiaroye44-80eme-anniversaire","status":"publish","type":"page","link":"https:\/\/archivesdusenegal.gouv.sn\/?page_id=2806","title":{"rendered":"Visite \u00e0 la Direction des Archives du S\u00e9n\u00e9gal de son Excellence Monsieur Seydou Manga ,Ambassadeur du Burkina Fasso au S\u00e9n\u00e9gal"},"content":{"rendered":"<p>[et_pb_section fb_built=\u00a0\u00bb1&Prime; _builder_version=\u00a0\u00bb4.22.0&Prime; _module_preset=\u00a0\u00bbdefault\u00a0\u00bb global_colors_info=\u00a0\u00bb{}\u00a0\u00bb][et_pb_row _builder_version=\u00a0\u00bb4.22.0&Prime; _module_preset=\u00a0\u00bbdefault\u00a0\u00bb global_colors_info=\u00a0\u00bb{}\u00a0\u00bb][et_pb_column type=\u00a0\u00bb4_4&Prime; _builder_version=\u00a0\u00bb4.22.0&Prime; _module_preset=\u00a0\u00bbdefault\u00a0\u00bb global_colors_info=\u00a0\u00bb{}\u00a0\u00bb][et_pb_post_title meta=\u00a0\u00bboff\u00a0\u00bb featured_image=\u00a0\u00bboff\u00a0\u00bb _builder_version=\u00a0\u00bb4.22.0&Prime; _module_preset=\u00a0\u00bbdefault\u00a0\u00bb hover_enabled=\u00a0\u00bb0&Prime; global_colors_info=\u00a0\u00bb{}\u00a0\u00bb title_text_color=\u00a0\u00bb#00853F\u00a0\u00bb sticky_enabled=\u00a0\u00bb0&Prime;][\/et_pb_post_title][et_pb_text _builder_version=\u00a0\u00bb4.22.0&Prime; _module_preset=\u00a0\u00bbdefault\u00a0\u00bb text_font=\u00a0\u00bb|300|||||||\u00a0\u00bb text_text_color=\u00a0\u00bb#000000&Prime; text_font_size=\u00a0\u00bb16px\u00a0\u00bb text_line_height=\u00a0\u00bb1.8em\u00a0\u00bb global_colors_info=\u00a0\u00bb{}\u00a0\u00bb]<\/p>\n<p>La Direction des Archives du S\u00e9n\u00e9gal a eu l\u2019honneur d\u2019accueillir, le mercredi 18 f\u00e9vrier 2026, Son Excellence Monsieur Seydou Manga, Ambassadeur du Burkina Faso au S\u00e9n\u00e9gal.<br \/>La d\u00e9l\u00e9gation burkinab\u00e8 a \u00e9t\u00e9 re\u00e7ue par Monsieur Mohamed Lat Sack Diop, Directeur des Archives du S\u00e9n\u00e9gal.<\/p>\n<p>Cette visite s\u2019inscrit dans le cadre du renforcement des relations d\u2019amiti\u00e9, de fraternit\u00e9 et de coop\u00e9ration entre le Burkina Faso et le S\u00e9n\u00e9gal. Elle a \u00e9t\u00e9 marqu\u00e9e par :<\/p>\n<p>\u2014 Une s\u00e9ance de travail avec le Directeur des Archives du S\u00e9n\u00e9gal ;<br \/>\u2014 Une pr\u00e9sentation institutionnelle mettant en exergue les missions, l\u2019organisation, ainsi que les fonds et collections de la Direction,<br \/>\u2014 Une visite guid\u00e9e des diff\u00e9rents services et des infrastructures.<\/p>\n<p>Les \u00e9changes ont \u00e9galement port\u00e9 sur le renforcement de la coop\u00e9ration entre la Direction des Archives du S\u00e9n\u00e9gal et la Direction g\u00e9n\u00e9rale des Archives nationales du Burkina Faso.<\/p>\n<p>\u00c0 cet \u00e9gard, la relance de l\u2019accord de partenariat sign\u00e9 en 2019 entre les deux institutions a \u00e9t\u00e9 \u00e9voqu\u00e9e, dans la perspective de dynamiser la collaboration dans le domaine archivistique, notamment en mati\u00e8re de partage d\u2019expertise, de formation et de valorisation du patrimoine documentaire.<\/p>\n<p>La Direction des Archives du S\u00e9n\u00e9gal se f\u00e9licite de cette visite de courtoisie et de travail de S.E. Sa\u00efdou Ma\u00efga, Ambassadeur du Burkina Faso au S\u00e9n\u00e9gal, visite qui contribue au raffermissement des liens professionnels et institutionnels entre les deux pays.<\/p>\n<p>[\/et_pb_text][\/et_pb_column][\/et_pb_row][et_pb_row _builder_version=\u00a0\u00bb4.22.0&Prime; _module_preset=\u00a0\u00bbdefault\u00a0\u00bb global_colors_info=\u00a0\u00bb{}\u00a0\u00bb][et_pb_column type=\u00a0\u00bb4_4&Prime; _builder_version=\u00a0\u00bb4.22.0&Prime; _module_preset=\u00a0\u00bbdefault\u00a0\u00bb global_colors_info=\u00a0\u00bb{}\u00a0\u00bb][et_pb_code _builder_version=\u00a0\u00bb4.22.0&Prime; _module_preset=\u00a0\u00bbdefault\u00a0\u00bb global_colors_info=\u00a0\u00bb{}\u00a0\u00bb]<div id=\"metaslider-id-3016\" style=\"width: 100%;\" class=\"ml-slider-3-108-0 metaslider metaslider-flex metaslider-3016 ml-slider has-carousel-mode ms-theme-default nav-hidden\" role=\"region\" aria-label=\"Galeries\" data-height=\"300\" data-width=\"300\">\n    <div id=\"metaslider_container_3016\">\n        <div id=\"metaslider_3016\">\n            <ul class='slides'>\n                <li style=\"display: none; width: 100%;\" class=\"slide-3017 ms-image \" aria-roledescription=\"slide\" data-date=\"2026-02-25 12:28:13\" data-filename=\"BF12-1-300x300.jpeg\" data-slide-type=\"image\"><img loading=\"lazy\" decoding=\"async\" src=\"https:\/\/archivesdusenegal.gouv.sn\/wp-content\/uploads\/2026\/02\/BF12-1-300x300.jpeg\" height=\"300\" width=\"300\" alt=\"\" class=\"slider-3016 slide-3017 msDefaultImage\" title=\"BF12\" \/><\/li>\n                <li style=\"display: none; width: 100%;\" class=\"slide-3018 ms-image \" aria-roledescription=\"slide\" data-date=\"2026-02-25 12:28:13\" data-filename=\"BF13-300x300.jpeg\" data-slide-type=\"image\"><img loading=\"lazy\" decoding=\"async\" src=\"https:\/\/archivesdusenegal.gouv.sn\/wp-content\/uploads\/2026\/02\/BF13-300x300.jpeg\" height=\"300\" width=\"300\" alt=\"\" class=\"slider-3016 slide-3018 msDefaultImage\" title=\"BF13\" \/><\/li>\n                <li style=\"display: none; width: 100%;\" class=\"slide-3022 ms-image \" aria-roledescription=\"slide\" data-date=\"2026-02-25 12:28:13\" data-filename=\"BF5-300x300.jpeg\" data-slide-type=\"image\"><img loading=\"lazy\" decoding=\"async\" src=\"https:\/\/archivesdusenegal.gouv.sn\/wp-content\/uploads\/2026\/02\/BF5-300x300.jpeg\" height=\"300\" width=\"300\" alt=\"\" class=\"slider-3016 slide-3022 msDefaultImage\" title=\"BF5\" \/><\/li>\n                <li style=\"display: none; width: 100%;\" class=\"slide-3024 ms-image \" aria-roledescription=\"slide\" data-date=\"2026-02-25 12:28:13\" data-filename=\"BF1-300x300.jpeg\" data-slide-type=\"image\"><img loading=\"lazy\" decoding=\"async\" src=\"https:\/\/archivesdusenegal.gouv.sn\/wp-content\/uploads\/2026\/02\/BF1-300x300.jpeg\" height=\"300\" width=\"300\" alt=\"\" class=\"slider-3016 slide-3024 msDefaultImage\" title=\"BF1\" \/><\/li>\n                <li style=\"display: none; width: 100%;\" class=\"slide-3025 ms-image \" aria-roledescription=\"slide\" data-date=\"2026-02-25 12:28:13\" data-filename=\"BF7-300x300.jpeg\" data-slide-type=\"image\"><img loading=\"lazy\" decoding=\"async\" src=\"https:\/\/archivesdusenegal.gouv.sn\/wp-content\/uploads\/2026\/02\/BF7-300x300.jpeg\" height=\"300\" width=\"300\" alt=\"\" class=\"slider-3016 slide-3025 msDefaultImage\" title=\"BF7\" \/><\/li>\n                <li style=\"display: none; width: 100%;\" class=\"slide-3032 ms-image \" aria-roledescription=\"slide\" data-date=\"2026-02-25 12:28:13\" data-filename=\"BF7-300x300.jpeg\" data-slide-type=\"image\"><img loading=\"lazy\" decoding=\"async\" src=\"https:\/\/archivesdusenegal.gouv.sn\/wp-content\/uploads\/2026\/02\/BF7-300x300.jpeg\" height=\"300\" width=\"300\" alt=\"\" class=\"slider-3016 slide-3032 msDefaultImage\" title=\"BF7\" \/><\/li>\n                <li style=\"display: none; width: 100%;\" class=\"slide-3033 ms-image \" aria-roledescription=\"slide\" data-date=\"2026-02-25 12:28:13\" data-filename=\"BF13-300x300.jpeg\" data-slide-type=\"image\"><img loading=\"lazy\" decoding=\"async\" src=\"https:\/\/archivesdusenegal.gouv.sn\/wp-content\/uploads\/2026\/02\/BF13-300x300.jpeg\" height=\"300\" width=\"300\" alt=\"\" class=\"slider-3016 slide-3033 msDefaultImage\" title=\"BF13\" \/><\/li>\n            <\/ul>\n        <\/div>\n        \n    <\/div>\n<\/div>[\/et_pb_code][\/et_pb_column][\/et_pb_row][\/et_pb_section]<\/p>\n","protected":false},"excerpt":{"rendered":"<p>La Direction des Archives du S\u00e9n\u00e9gal a eu l\u2019honneur d\u2019accueillir, le mercredi 18 f\u00e9vrier 2026, Son Excellence Monsieur Seydou Manga, Ambassadeur du Burkina Faso au S\u00e9n\u00e9gal.La d\u00e9l\u00e9gation burkinab\u00e8 a \u00e9t\u00e9 re\u00e7ue par Monsieur Mohamed Lat Sack Diop, Directeur des Archives du S\u00e9n\u00e9gal. Cette visite s\u2019inscrit dans le cadre du renforcement des relations d\u2019amiti\u00e9, de fraternit\u00e9 [&hellip;]<\/p>\n","protected":false},"author":3,"featured_media":0,"parent":0,"menu_order":0,"comment_status":"closed","ping_status":"closed","template":"","meta":{"_et_pb_use_builder":"on","_et_pb_old_content":"<!-- wp:divi\/placeholder \/-->","_et_gb_content_width":"","footnotes":""},"class_list":["post-2806","page","type-page","status-publish","hentry"],"_links":{"self":[{"href":"https:\/\/archivesdusenegal.gouv.sn\/index.php?rest_route=\/wp\/v2\/pages\/2806","targetHints":{"allow":["GET"]}}],"collection":[{"href":"https:\/\/archivesdusenegal.gouv.sn\/index.php?rest_route=\/wp\/v2\/pages"}],"about":[{"href":"https:\/\/archivesdusenegal.gouv.sn\/index.php?rest_route=\/wp\/v2\/types\/page"}],"author":[{"embeddable":true,"href":"https:\/\/archivesdusenegal.gouv.sn\/index.php?rest_route=\/wp\/v2\/users\/3"}],"replies":[{"embeddable":true,"href":"https:\/\/archivesdusenegal.gouv.sn\/index.php?rest_route=%2Fwp%2Fv2%2Fcomments&post=2806"}],"version-history":[{"count":18,"href":"https:\/\/archivesdusenegal.gouv.sn\/index.php?rest_route=\/wp\/v2\/pages\/2806\/revisions"}],"predecessor-version":[{"id":3507,"href":"https:\/\/archivesdusenegal.gouv.sn\/index.php?rest_route=\/wp\/v2\/pages\/2806\/revisions\/3507"}],"wp:attachment":[{"href":"https:\/\/archivesdusenegal.gouv.sn\/index.php?rest_route=%2Fwp%2Fv2%2Fmedia&parent=2806"}],"curies":[{"name":"wp","href":"https:\/\/api.w.org\/{rel}","templated":true}]}}

Visite à la Direction des Archives du Sénégal de son Excellence Monsieur Seydou Manga ,Ambassadeur du Burkina Fasso au Sénégal

<p>[et_pb_section fb_built= »1&Prime; _builder_version= »4.22.0&Prime; _module_preset= »default » global_colors_info= »{} »][et_pb_row _builder_version= »4.22.0&Prime; _module_preset= »default » global_colors_info= »{} »][et_pb_column type= »4_4&Prime; _builder_version= »4.22.0&Prime; _module_preset= »default » global_colors_info= »{} »][et_pb_post_title meta= »off » featured_image= »off » _builder_version= »4.22.0&Prime; _module_preset= »default » hover_enabled= »0&Prime; global_colors_info= »{} » title_text_color= »#00853F » sticky_enabled= »0&Prime;][/et_pb_post_title][et_pb_text _builder_version= »4.22.0&Prime; _module_preset= »default » text_font= »|300||||||| » text_text_color= »#000000&Prime; text_font_size= »16px » text_line_height= »1.8em » global_colors_info= »{} »]</p>
<p>La Direction des Archives du Sénégal a eu l’honneur d’accueillir, le mercredi 18 février 2026, Son Excellence Monsieur Seydou Manga, Ambassadeur du Burkina Faso au Sénégal.<br />La délégation burkinabè a été reçue par Monsieur Mohamed Lat Sack Diop, Directeur des Archives du Sénégal.</p>
<p>Cette visite s’inscrit dans le cadre du renforcement des relations d’amitié, de fraternité et de coopération entre le Burkina Faso et le Sénégal. Elle a été marquée par :</p>
<p>— Une séance de travail avec le Directeur des Archives du Sénégal ;<br />— Une présentation institutionnelle mettant en exergue les missions, l’organisation, ainsi que les fonds et collections de la Direction,<br />— Une visite guidée des différents services et des infrastructures.</p>
<p>Les échanges ont également porté sur le renforcement de la coopération entre la Direction des Archives du Sénégal et la Direction générale des Archives nationales du Burkina Faso.</p>
<p>À cet égard, la relance de l’accord de partenariat signé en 2019 entre les deux institutions a été évoquée, dans la perspective de dynamiser la collaboration dans le domaine archivistique, notamment en matière de partage d’expertise, de formation et de valorisation du patrimoine documentaire.</p>
<p>La Direction des Archives du Sénégal se félicite de cette visite de courtoisie et de travail de S.E. Saïdou Maïga, Ambassadeur du Burkina Faso au Sénégal, visite qui contribue au raffermissement des liens professionnels et institutionnels entre les deux pays.</p>
<p>[/et_pb_text][/et_pb_column][/et_pb_row][et_pb_row _builder_version= »4.22.0&Prime; _module_preset= »default » global_colors_info= »{} »][et_pb_column type= »4_4&Prime; _builder_version= »4.22.0&Prime; _module_preset= »default » global_colors_info= »{} »][et_pb_code _builder_version= »4.22.0&Prime; _module_preset= »default » global_colors_info= »{} »]<div id="metaslider-id-3016" style="width: 100%;" class="ml-slider-3-108-0 metaslider metaslider-flex metaslider-3016 ml-slider has-carousel-mode ms-theme-default nav-hidden" role="region" aria-label="Galeries" data-height="300" data-width="300">
    <div id="metaslider_container_3016">
        <div id="metaslider_3016">
            <ul class='slides'>
                <li style="display: none; width: 100%;" class="slide-3017 ms-image " aria-roledescription="slide" data-date="2026-02-25 12:28:13" data-filename="BF12-1-300x300.jpeg" data-slide-type="image"><img loading="lazy" decoding="async" src="https://archivesdusenegal.gouv.sn/wp-content/uploads/2026/02/BF12-1-300x300.jpeg" height="300" width="300" alt="" class="slider-3016 slide-3017 msDefaultImage" title="BF12" /></li>
                <li style="display: none; width: 100%;" class="slide-3018 ms-image " aria-roledescription="slide" data-date="2026-02-25 12:28:13" data-filename="BF13-300x300.jpeg" data-slide-type="image"><img loading="lazy" decoding="async" src="https://archivesdusenegal.gouv.sn/wp-content/uploads/2026/02/BF13-300x300.jpeg" height="300" width="300" alt="" class="slider-3016 slide-3018 msDefaultImage" title="BF13" /></li>
                <li style="display: none; width: 100%;" class="slide-3022 ms-image " aria-roledescription="slide" data-date="2026-02-25 12:28:13" data-filename="BF5-300x300.jpeg" data-slide-type="image"><img loading="lazy" decoding="async" src="https://archivesdusenegal.gouv.sn/wp-content/uploads/2026/02/BF5-300x300.jpeg" height="300" width="300" alt="" class="slider-3016 slide-3022 msDefaultImage" title="BF5" /></li>
                <li style="display: none; width: 100%;" class="slide-3024 ms-image " aria-roledescription="slide" data-date="2026-02-25 12:28:13" data-filename="BF1-300x300.jpeg" data-slide-type="image"><img loading="lazy" decoding="async" src="https://archivesdusenegal.gouv.sn/wp-content/uploads/2026/02/BF1-300x300.jpeg" height="300" width="300" alt="" class="slider-3016 slide-3024 msDefaultImage" title="BF1" /></li>
                <li style="display: none; width: 100%;" class="slide-3025 ms-image " aria-roledescription="slide" data-date="2026-02-25 12:28:13" data-filename="BF7-300x300.jpeg" data-slide-type="image"><img loading="lazy" decoding="async" src="https://archivesdusenegal.gouv.sn/wp-content/uploads/2026/02/BF7-300x300.jpeg" height="300" width="300" alt="" class="slider-3016 slide-3025 msDefaultImage" title="BF7" /></li>
                <li style="display: none; width: 100%;" class="slide-3032 ms-image " aria-roledescription="slide" data-date="2026-02-25 12:28:13" data-filename="BF7-300x300.jpeg" data-slide-type="image"><img loading="lazy" decoding="async" src="https://archivesdusenegal.gouv.sn/wp-content/uploads/2026/02/BF7-300x300.jpeg" height="300" width="300" alt="" class="slider-3016 slide-3032 msDefaultImage" title="BF7" /></li>
                <li style="display: none; width: 100%;" class="slide-3033 ms-image " aria-roledescription="slide" data-date="2026-02-25 12:28:13" data-filename="BF13-300x300.jpeg" data-slide-type="image"><img loading="lazy" decoding="async" src="https://archivesdusenegal.gouv.sn/wp-content/uploads/2026/02/BF13-300x300.jpeg" height="300" width="300" alt="" class="slider-3016 slide-3033 msDefaultImage" title="BF13" /></li>
            </ul>
        </div>
        
    </div>
</div>[/et_pb_code][/et_pb_column][/et_pb_row][/et_pb_section]</p>

<p>La Direction des Archives du Sénégal a eu l’honneur d’accueillir, le mercredi 18 février 2026, Son Excellence Monsieur Seydou Manga, Ambassadeur du Burkina Faso au Sénégal.La délégation burkinabè a été reçue par Monsieur Mohamed Lat Sack Diop, Directeur des Archives du Sénégal. Cette visite s’inscrit dans le cadre du renforcement des relations d’amitié, de fraternité [&hellip;]</p>
