{"id":3178,"date":"2026-04-08T14:38:36","date_gmt":"2026-04-08T14:38:36","guid":{"rendered":"https:\/\/archivesdusenegal.gouv.sn\/?page_id=3178"},"modified":"2026-04-09T09:47:48","modified_gmt":"2026-04-09T09:47:48","slug":"communique","status":"publish","type":"page","link":"https:\/\/archivesdusenegal.gouv.sn\/?page_id=3178","title":{"rendered":"PREMIER ATELIER INTERNE D&rsquo;ELABORATION DE LA STRATEGIE NATIONALE DE GOUVERNANCE DES ARCHIVES"},"content":{"rendered":"<p>[et_pb_section fb_built=\u00a0\u00bb1&Prime; _builder_version=\u00a0\u00bb4.22.0&Prime; _module_preset=\u00a0\u00bbdefault\u00a0\u00bb global_colors_info=\u00a0\u00bb{}\u00a0\u00bb][et_pb_row _builder_version=\u00a0\u00bb4.22.0&Prime; _module_preset=\u00a0\u00bbdefault\u00a0\u00bb global_colors_info=\u00a0\u00bb{}\u00a0\u00bb custom_padding=\u00a0\u00bb||0px|||\u00a0\u00bb][et_pb_column type=\u00a0\u00bb4_4&Prime; _builder_version=\u00a0\u00bb4.22.0&Prime; _module_preset=\u00a0\u00bbdefault\u00a0\u00bb global_colors_info=\u00a0\u00bb{}\u00a0\u00bb][et_pb_post_title meta=\u00a0\u00bboff\u00a0\u00bb _builder_version=\u00a0\u00bb4.22.0&Prime; _module_preset=\u00a0\u00bbdefault\u00a0\u00bb hover_enabled=\u00a0\u00bb0&Prime; global_colors_info=\u00a0\u00bb{}\u00a0\u00bb title_text_color=\u00a0\u00bb#00853F\u00a0\u00bb sticky_enabled=\u00a0\u00bb0&Prime;][\/et_pb_post_title][\/et_pb_column][\/et_pb_row][et_pb_row _builder_version=\u00a0\u00bb4.22.0&Prime; _module_preset=\u00a0\u00bbdefault\u00a0\u00bb min_height=\u00a0\u00bb534.2px\u00a0\u00bb global_colors_info=\u00a0\u00bb{}\u00a0\u00bb][et_pb_column type=\u00a0\u00bb4_4&Prime; _builder_version=\u00a0\u00bb4.22.0&Prime; _module_preset=\u00a0\u00bbdefault\u00a0\u00bb global_colors_info=\u00a0\u00bb{}\u00a0\u00bb][et_pb_text _builder_version=\u00a0\u00bb4.22.0&Prime; _module_preset=\u00a0\u00bbdefault\u00a0\u00bb text_text_color=\u00a0\u00bb#000000&Prime; hover_enabled=\u00a0\u00bb0&Prime; global_colors_info=\u00a0\u00bb{}\u00a0\u00bb text_font=\u00a0\u00bb|300|||||||\u00a0\u00bb text_font_size=\u00a0\u00bb18px\u00a0\u00bb text_line_height=\u00a0\u00bb1.8em\u00a0\u00bb sticky_enabled=\u00a0\u00bb0&Prime;]<\/p>\n<p>Le Comit\u00e9 interminist\u00e9riel charg\u00e9 de la Strat\u00e9gie nationale de Gouvernance des Archives (SNGA 2026\u20132030), install\u00e9 le 4 mars 2026, a tenu son premier atelier interne d\u2019\u00e9laboration les 1er et 2 avril 2026 \u00e0 la Primature.<\/p>\n<p>Cet atelier avait pour objectif la pr\u00e9-validation des documents pr\u00e9paratoires destin\u00e9s \u00e0 l\u2019\u00e9laboration de la strat\u00e9gie nationale.<\/p>\n<p>Les travaux ont port\u00e9 sur :<br \/>&#8211; l\u2019analyse des parties prenantes de la gestion des archives ;<br \/>&#8211; un diagnostic organisationnel succinct du dispositif de gestion des archives ;<br \/>&#8211; le diagnostic strat\u00e9gique (SWOT) ;<br \/>&#8211; l\u2019\u00e9laboration du cadre strat\u00e9gique.<\/p>\n<p>Ces livrables constituent l\u2019\u00e9tat des lieux de la gouvernance des archives au S\u00e9n\u00e9gal. Ils ont \u00e9t\u00e9 pr\u00e9par\u00e9s en amont par la Direction des Archives du S\u00e9n\u00e9gal, qui assure le secr\u00e9tariat du Comit\u00e9.<\/p>\n<p>L\u2019\u00e9laboration d\u2019une Strat\u00e9gie nationale de Gouvernance des Archives, pilot\u00e9e par un Comit\u00e9 interminist\u00e9riel au sein de la Primature, constitue une premi\u00e8re pour notre pays et rev\u00eat une importance capitale pour la modernisation du secteur.<\/p>\n<p>Le document de r\u00e9f\u00e9rence issu de ces travaux servira de feuille de route claire et d\u00e9taill\u00e9e pour l\u2019orientation des actions, projets et programmes de d\u00e9veloppement des archives nationales.<\/p>\n<p>[\/et_pb_text][\/et_pb_column][\/et_pb_row][et_pb_row _builder_version=\u00a0\u00bb4.22.0&Prime; _module_preset=\u00a0\u00bbdefault\u00a0\u00bb global_colors_info=\u00a0\u00bb{}\u00a0\u00bb][et_pb_column type=\u00a0\u00bb4_4&Prime; _builder_version=\u00a0\u00bb4.22.0&Prime; _module_preset=\u00a0\u00bbdefault\u00a0\u00bb global_colors_info=\u00a0\u00bb{}\u00a0\u00bb][et_pb_code _builder_version=\u00a0\u00bb4.22.0&Prime; _module_preset=\u00a0\u00bbdefault\u00a0\u00bb global_colors_info=\u00a0\u00bb{}\u00a0\u00bb]<div id=\"metaslider-id-3281\" style=\"width: 100%;\" class=\"ml-slider-3-108-0 metaslider metaslider-flex metaslider-3281 ml-slider has-dots-nav ms-theme-default-base\" role=\"region\" aria-label=\"Nouveau diaporama\" data-height=\"900\" data-width=\"800\">\n    <div id=\"metaslider_container_3281\">\n        <div id=\"metaslider_3281\">\n            <ul aria-live='off' class='slides'>\n                <li style=\"display: block; width: 100%;\" class=\"slide-3282 ms-image \" aria-roledescription=\"slide\" data-date=\"2026-04-08 14:27:40\" data-filename=\"SNGA126-800x900.jpeg\" data-slide-type=\"image\"><img loading=\"lazy\" decoding=\"async\" src=\"https:\/\/archivesdusenegal.gouv.sn\/wp-content\/uploads\/2026\/04\/SNGA126-800x900.jpeg\" height=\"900\" width=\"800\" alt=\"\" class=\"slider-3281 slide-3282 msDefaultImage\" title=\"SNGA126\" \/><\/li>\n                <li style=\"display: none; width: 100%;\" class=\"slide-3283 ms-image \" aria-roledescription=\"slide\" data-date=\"2026-04-08 14:27:51\" data-filename=\"SNGA60-800x900.jpeg\" data-slide-type=\"image\"><img loading=\"lazy\" decoding=\"async\" src=\"https:\/\/archivesdusenegal.gouv.sn\/wp-content\/uploads\/2026\/04\/SNGA60-800x900.jpeg\" height=\"900\" width=\"800\" alt=\"\" class=\"slider-3281 slide-3283 msDefaultImage\" title=\"SNGA60\" \/><\/li>\n                <li style=\"display: none; width: 100%;\" class=\"slide-3284 ms-image \" aria-roledescription=\"slide\" data-date=\"2026-04-08 14:28:04\" data-filename=\"SNGA53-752x846.jpeg\" data-slide-type=\"image\"><img loading=\"lazy\" decoding=\"async\" src=\"https:\/\/archivesdusenegal.gouv.sn\/wp-content\/uploads\/2026\/04\/SNGA53-752x846.jpeg\" height=\"900\" width=\"800\" alt=\"\" class=\"slider-3281 slide-3284 msDefaultImage\" title=\"SNGA53\" \/><\/li>\n                <li style=\"display: none; width: 100%;\" class=\"slide-3285 ms-image \" aria-roledescription=\"slide\" data-date=\"2026-04-08 14:28:17\" data-filename=\"SNGA52-800x900.jpeg\" data-slide-type=\"image\"><img loading=\"lazy\" decoding=\"async\" src=\"https:\/\/archivesdusenegal.gouv.sn\/wp-content\/uploads\/2026\/04\/SNGA52-800x900.jpeg\" height=\"900\" width=\"800\" alt=\"\" class=\"slider-3281 slide-3285 msDefaultImage\" title=\"SNGA52\" \/><\/li>\n                <li style=\"display: none; width: 100%;\" class=\"slide-3286 ms-image \" aria-roledescription=\"slide\" data-date=\"2026-04-08 14:28:25\" data-filename=\"SNGA45-800x900.jpeg\" data-slide-type=\"image\"><img loading=\"lazy\" decoding=\"async\" src=\"https:\/\/archivesdusenegal.gouv.sn\/wp-content\/uploads\/2026\/04\/SNGA45-800x900.jpeg\" height=\"900\" width=\"800\" alt=\"\" class=\"slider-3281 slide-3286 msDefaultImage\" title=\"SNGA45\" \/><\/li>\n                <li style=\"display: none; width: 100%;\" class=\"slide-3287 ms-image \" aria-roledescription=\"slide\" data-date=\"2026-04-08 14:28:36\" data-filename=\"SNGA40-800x900.jpeg\" data-slide-type=\"image\"><img loading=\"lazy\" decoding=\"async\" src=\"https:\/\/archivesdusenegal.gouv.sn\/wp-content\/uploads\/2026\/04\/SNGA40-800x900.jpeg\" height=\"900\" width=\"800\" alt=\"\" class=\"slider-3281 slide-3287 msDefaultImage\" title=\"SNGA40\" \/><\/li>\n                <li style=\"display: none; width: 100%;\" class=\"slide-3288 ms-image \" aria-roledescription=\"slide\" data-date=\"2026-04-08 14:28:52\" data-filename=\"SNGA30-800x900.jpeg\" data-slide-type=\"image\"><img loading=\"lazy\" decoding=\"async\" src=\"https:\/\/archivesdusenegal.gouv.sn\/wp-content\/uploads\/2026\/04\/SNGA30-800x900.jpeg\" height=\"900\" width=\"800\" alt=\"\" class=\"slider-3281 slide-3288 msDefaultImage\" title=\"SNGA30\" \/><\/li>\n                <li style=\"display: none; width: 100%;\" class=\"slide-3289 ms-image \" aria-roledescription=\"slide\" data-date=\"2026-04-08 14:29:16\" data-filename=\"SNGA26-568x640.jpeg\" data-slide-type=\"image\"><img loading=\"lazy\" decoding=\"async\" src=\"https:\/\/archivesdusenegal.gouv.sn\/wp-content\/uploads\/2026\/04\/SNGA26-568x640.jpeg\" height=\"900\" width=\"800\" alt=\"\" class=\"slider-3281 slide-3289 msDefaultImage\" title=\"SNGA26\" \/><\/li>\n                <li style=\"display: none; width: 100%;\" class=\"slide-3291 ms-image \" aria-roledescription=\"slide\" data-date=\"2026-04-08 14:31:23\" data-filename=\"SNGA79-800x900.jpeg\" data-slide-type=\"image\"><img loading=\"lazy\" decoding=\"async\" src=\"https:\/\/archivesdusenegal.gouv.sn\/wp-content\/uploads\/2026\/04\/SNGA79-800x900.jpeg\" height=\"900\" width=\"800\" alt=\"\" class=\"slider-3281 slide-3291 msDefaultImage\" title=\"SNGA79\" \/><\/li>\n            <\/ul>\n        <\/div>\n        \n    <\/div>\n<\/div>[\/et_pb_code][\/et_pb_column][\/et_pb_row][\/et_pb_section]<\/p>\n","protected":false},"excerpt":{"rendered":"<p>Le Comit\u00e9 interminist\u00e9riel charg\u00e9 de la Strat\u00e9gie nationale de Gouvernance des Archives (SNGA 2026\u20132030), install\u00e9 le 4 mars 2026, a tenu son premier atelier interne d\u2019\u00e9laboration les 1er et 2 avril 2026 \u00e0 la Primature. Cet atelier avait pour objectif la pr\u00e9-validation des documents pr\u00e9paratoires destin\u00e9s \u00e0 l\u2019\u00e9laboration de la strat\u00e9gie nationale. Les travaux ont [&hellip;]<\/p>\n","protected":false},"author":3,"featured_media":0,"parent":0,"menu_order":0,"comment_status":"closed","ping_status":"closed","template":"","meta":{"_et_pb_use_builder":"on","_et_pb_old_content":"","_et_gb_content_width":"","footnotes":""},"class_list":["post-3178","page","type-page","status-publish","hentry"],"_links":{"self":[{"href":"https:\/\/archivesdusenegal.gouv.sn\/index.php?rest_route=\/wp\/v2\/pages\/3178","targetHints":{"allow":["GET"]}}],"collection":[{"href":"https:\/\/archivesdusenegal.gouv.sn\/index.php?rest_route=\/wp\/v2\/pages"}],"about":[{"href":"https:\/\/archivesdusenegal.gouv.sn\/index.php?rest_route=\/wp\/v2\/types\/page"}],"author":[{"embeddable":true,"href":"https:\/\/archivesdusenegal.gouv.sn\/index.php?rest_route=\/wp\/v2\/users\/3"}],"replies":[{"embeddable":true,"href":"https:\/\/archivesdusenegal.gouv.sn\/index.php?rest_route=%2Fwp%2Fv2%2Fcomments&post=3178"}],"version-history":[{"count":8,"href":"https:\/\/archivesdusenegal.gouv.sn\/index.php?rest_route=\/wp\/v2\/pages\/3178\/revisions"}],"predecessor-version":[{"id":3297,"href":"https:\/\/archivesdusenegal.gouv.sn\/index.php?rest_route=\/wp\/v2\/pages\/3178\/revisions\/3297"}],"wp:attachment":[{"href":"https:\/\/archivesdusenegal.gouv.sn\/index.php?rest_route=%2Fwp%2Fv2%2Fmedia&parent=3178"}],"curies":[{"name":"wp","href":"https:\/\/api.w.org\/{rel}","templated":true}]}}

<p>[et_pb_section fb_built= »1&Prime; _builder_version= »4.22.0&Prime; _module_preset= »default » global_colors_info= »{} »][et_pb_row _builder_version= »4.22.0&Prime; _module_preset= »default » global_colors_info= »{} » custom_padding= »||0px||| »][et_pb_column type= »4_4&Prime; _builder_version= »4.22.0&Prime; _module_preset= »default » global_colors_info= »{} »][et_pb_post_title meta= »off » _builder_version= »4.22.0&Prime; _module_preset= »default » hover_enabled= »0&Prime; global_colors_info= »{} » title_text_color= »#00853F » sticky_enabled= »0&Prime;][/et_pb_post_title][/et_pb_column][/et_pb_row][et_pb_row _builder_version= »4.22.0&Prime; _module_preset= »default » min_height= »534.2px » global_colors_info= »{} »][et_pb_column type= »4_4&Prime; _builder_version= »4.22.0&Prime; _module_preset= »default » global_colors_info= »{} »][et_pb_text _builder_version= »4.22.0&Prime; _module_preset= »default » text_text_color= »#000000&Prime; hover_enabled= »0&Prime; global_colors_info= »{} » text_font= »|300||||||| » text_font_size= »18px » text_line_height= »1.8em » sticky_enabled= »0&Prime;]</p>
<p>Le Comité interministériel chargé de la Stratégie nationale de Gouvernance des Archives (SNGA 2026–2030), installé le 4 mars 2026, a tenu son premier atelier interne d’élaboration les 1er et 2 avril 2026 à la Primature.</p>
<p>Cet atelier avait pour objectif la pré-validation des documents préparatoires destinés à l’élaboration de la stratégie nationale.</p>
<p>Les travaux ont porté sur :<br />&#8211; l’analyse des parties prenantes de la gestion des archives ;<br />&#8211; un diagnostic organisationnel succinct du dispositif de gestion des archives ;<br />&#8211; le diagnostic stratégique (SWOT) ;<br />&#8211; l’élaboration du cadre stratégique.</p>
<p>Ces livrables constituent l’état des lieux de la gouvernance des archives au Sénégal. Ils ont été préparés en amont par la Direction des Archives du Sénégal, qui assure le secrétariat du Comité.</p>
<p>L’élaboration d’une Stratégie nationale de Gouvernance des Archives, pilotée par un Comité interministériel au sein de la Primature, constitue une première pour notre pays et revêt une importance capitale pour la modernisation du secteur.</p>
<p>Le document de référence issu de ces travaux servira de feuille de route claire et détaillée pour l’orientation des actions, projets et programmes de développement des archives nationales.</p>
<p>[/et_pb_text][/et_pb_column][/et_pb_row][et_pb_row _builder_version= »4.22.0&Prime; _module_preset= »default » global_colors_info= »{} »][et_pb_column type= »4_4&Prime; _builder_version= »4.22.0&Prime; _module_preset= »default » global_colors_info= »{} »][et_pb_code _builder_version= »4.22.0&Prime; _module_preset= »default » global_colors_info= »{} »]<div id="metaslider-id-3281" style="width: 100%;" class="ml-slider-3-108-0 metaslider metaslider-flex metaslider-3281 ml-slider has-dots-nav ms-theme-default-base" role="region" aria-label="Nouveau diaporama" data-height="900" data-width="800">
    <div id="metaslider_container_3281">
        <div id="metaslider_3281">
            <ul aria-live='off' class='slides'>
                <li style="display: block; width: 100%;" class="slide-3282 ms-image " aria-roledescription="slide" data-date="2026-04-08 14:27:40" data-filename="SNGA126-800x900.jpeg" data-slide-type="image"><img loading="lazy" decoding="async" src="https://archivesdusenegal.gouv.sn/wp-content/uploads/2026/04/SNGA126-800x900.jpeg" height="900" width="800" alt="" class="slider-3281 slide-3282 msDefaultImage" title="SNGA126" /></li>
                <li style="display: none; width: 100%;" class="slide-3283 ms-image " aria-roledescription="slide" data-date="2026-04-08 14:27:51" data-filename="SNGA60-800x900.jpeg" data-slide-type="image"><img loading="lazy" decoding="async" src="https://archivesdusenegal.gouv.sn/wp-content/uploads/2026/04/SNGA60-800x900.jpeg" height="900" width="800" alt="" class="slider-3281 slide-3283 msDefaultImage" title="SNGA60" /></li>
                <li style="display: none; width: 100%;" class="slide-3284 ms-image " aria-roledescription="slide" data-date="2026-04-08 14:28:04" data-filename="SNGA53-752x846.jpeg" data-slide-type="image"><img loading="lazy" decoding="async" src="https://archivesdusenegal.gouv.sn/wp-content/uploads/2026/04/SNGA53-752x846.jpeg" height="900" width="800" alt="" class="slider-3281 slide-3284 msDefaultImage" title="SNGA53" /></li>
                <li style="display: none; width: 100%;" class="slide-3285 ms-image " aria-roledescription="slide" data-date="2026-04-08 14:28:17" data-filename="SNGA52-800x900.jpeg" data-slide-type="image"><img loading="lazy" decoding="async" src="https://archivesdusenegal.gouv.sn/wp-content/uploads/2026/04/SNGA52-800x900.jpeg" height="900" width="800" alt="" class="slider-3281 slide-3285 msDefaultImage" title="SNGA52" /></li>
                <li style="display: none; width: 100%;" class="slide-3286 ms-image " aria-roledescription="slide" data-date="2026-04-08 14:28:25" data-filename="SNGA45-800x900.jpeg" data-slide-type="image"><img loading="lazy" decoding="async" src="https://archivesdusenegal.gouv.sn/wp-content/uploads/2026/04/SNGA45-800x900.jpeg" height="900" width="800" alt="" class="slider-3281 slide-3286 msDefaultImage" title="SNGA45" /></li>
                <li style="display: none; width: 100%;" class="slide-3287 ms-image " aria-roledescription="slide" data-date="2026-04-08 14:28:36" data-filename="SNGA40-800x900.jpeg" data-slide-type="image"><img loading="lazy" decoding="async" src="https://archivesdusenegal.gouv.sn/wp-content/uploads/2026/04/SNGA40-800x900.jpeg" height="900" width="800" alt="" class="slider-3281 slide-3287 msDefaultImage" title="SNGA40" /></li>
                <li style="display: none; width: 100%;" class="slide-3288 ms-image " aria-roledescription="slide" data-date="2026-04-08 14:28:52" data-filename="SNGA30-800x900.jpeg" data-slide-type="image"><img loading="lazy" decoding="async" src="https://archivesdusenegal.gouv.sn/wp-content/uploads/2026/04/SNGA30-800x900.jpeg" height="900" width="800" alt="" class="slider-3281 slide-3288 msDefaultImage" title="SNGA30" /></li>
                <li style="display: none; width: 100%;" class="slide-3289 ms-image " aria-roledescription="slide" data-date="2026-04-08 14:29:16" data-filename="SNGA26-568x640.jpeg" data-slide-type="image"><img loading="lazy" decoding="async" src="https://archivesdusenegal.gouv.sn/wp-content/uploads/2026/04/SNGA26-568x640.jpeg" height="900" width="800" alt="" class="slider-3281 slide-3289 msDefaultImage" title="SNGA26" /></li>
                <li style="display: none; width: 100%;" class="slide-3291 ms-image " aria-roledescription="slide" data-date="2026-04-08 14:31:23" data-filename="SNGA79-800x900.jpeg" data-slide-type="image"><img loading="lazy" decoding="async" src="https://archivesdusenegal.gouv.sn/wp-content/uploads/2026/04/SNGA79-800x900.jpeg" height="900" width="800" alt="" class="slider-3281 slide-3291 msDefaultImage" title="SNGA79" /></li>
            </ul>
        </div>
        
    </div>
</div>[/et_pb_code][/et_pb_column][/et_pb_row][/et_pb_section]</p>

<p>Le Comité interministériel chargé de la Stratégie nationale de Gouvernance des Archives (SNGA 2026–2030), installé le 4 mars 2026, a tenu son premier atelier interne d’élaboration les 1er et 2 avril 2026 à la Primature. Cet atelier avait pour objectif la pré-validation des documents préparatoires destinés à l’élaboration de la stratégie nationale. Les travaux ont [&hellip;]</p>
