{"id":3206,"date":"2026-03-13T14:47:03","date_gmt":"2026-03-13T14:47:03","guid":{"rendered":"https:\/\/archivesdusenegal.gouv.sn\/?page_id=3206"},"modified":"2026-03-13T15:59:22","modified_gmt":"2026-03-13T15:59:22","slug":"la-direction-des-archives-du-senegal-a-recu-ce-jeudi-12-mars-2026-la-visite-pedagogique-des-eleves-de-lecole-franco-islamique-sajda-de-zac-mbao","status":"publish","type":"page","link":"https:\/\/archivesdusenegal.gouv.sn\/?page_id=3206","title":{"rendered":"Visite p\u00e9dagogique des \u00e9l\u00e8ves de l\u2019\u00c9cole Franco-Islamique SAJDA de Zac Mbao"},"content":{"rendered":"<p>[et_pb_section fb_built=\u00a0\u00bb1&Prime; _builder_version=\u00a0\u00bb4.22.0&Prime; _module_preset=\u00a0\u00bbdefault\u00a0\u00bb global_colors_info=\u00a0\u00bb{}\u00a0\u00bb][et_pb_row _builder_version=\u00a0\u00bb4.22.0&Prime; _module_preset=\u00a0\u00bbdefault\u00a0\u00bb global_colors_info=\u00a0\u00bb{}\u00a0\u00bb][et_pb_column type=\u00a0\u00bb4_4&Prime; _builder_version=\u00a0\u00bb4.22.0&Prime; _module_preset=\u00a0\u00bbdefault\u00a0\u00bb global_colors_info=\u00a0\u00bb{}\u00a0\u00bb][et_pb_post_title meta=\u00a0\u00bboff\u00a0\u00bb featured_image=\u00a0\u00bboff\u00a0\u00bb _builder_version=\u00a0\u00bb4.22.0&Prime; _module_preset=\u00a0\u00bbdefault\u00a0\u00bb title_text_color=\u00a0\u00bb#00853F\u00a0\u00bb global_colors_info=\u00a0\u00bb{}\u00a0\u00bb][\/et_pb_post_title][\/et_pb_column][\/et_pb_row][et_pb_row _builder_version=\u00a0\u00bb4.22.0&Prime; _module_preset=\u00a0\u00bbdefault\u00a0\u00bb global_colors_info=\u00a0\u00bb{}\u00a0\u00bb][et_pb_column type=\u00a0\u00bb4_4&Prime; _builder_version=\u00a0\u00bb4.22.0&Prime; _module_preset=\u00a0\u00bbdefault\u00a0\u00bb global_colors_info=\u00a0\u00bb{}\u00a0\u00bb][et_pb_text _builder_version=\u00a0\u00bb4.22.0&Prime; _module_preset=\u00a0\u00bbdefault\u00a0\u00bb text_font=\u00a0\u00bb|300|||||||\u00a0\u00bb text_text_color=\u00a0\u00bb#000000&Prime; text_font_size=\u00a0\u00bb18px\u00a0\u00bb text_line_height=\u00a0\u00bb1.9em\u00a0\u00bb global_colors_info=\u00a0\u00bb{}\u00a0\u00bb]<\/p>\n<p style=\"text-align: left;\">La Direction des Archives du S\u00e9n\u00e9gal a re\u00e7u, ce jeudi 12 mars 2026, la visite p\u00e9dagogique des \u00e9l\u00e8ves de l\u2019\u00c9cole Franco-Islamique SAJDA de Zac Mbao.<\/p>\n<p>Cette visite s\u2019inscrit dans le cadre des activit\u00e9s p\u00e9dagogiques de la Direction visant \u00e0 sensibiliser les jeunes g\u00e9n\u00e9rations \u00e0 l\u2019importance des archives, \u00e0 la pr\u00e9servation de la m\u00e9moire nationale et \u00e0 la valorisation du patrimoine documentaire.<\/p>\n<p>La Direction des Archives du S\u00e9n\u00e9gal remercie chaleureusement l\u2019\u00e9quipe p\u00e9dagogique de l\u2019\u00c9cole Franco-Islamique SAJDA de Zac Mbao pour la confiance accord\u00e9e ainsi que pour l\u2019int\u00e9r\u00eat port\u00e9 aux missions de notre institution.<\/p>\n<p>[\/et_pb_text][\/et_pb_column][\/et_pb_row][et_pb_row _builder_version=\u00a0\u00bb4.22.0&Prime; _module_preset=\u00a0\u00bbdefault\u00a0\u00bb global_colors_info=\u00a0\u00bb{}\u00a0\u00bb][et_pb_column type=\u00a0\u00bb4_4&Prime; _builder_version=\u00a0\u00bb4.22.0&Prime; _module_preset=\u00a0\u00bbdefault\u00a0\u00bb global_colors_info=\u00a0\u00bb{}\u00a0\u00bb][et_pb_code _builder_version=\u00a0\u00bb4.22.0&Prime; _module_preset=\u00a0\u00bbdefault\u00a0\u00bb hover_enabled=\u00a0\u00bb0&Prime; global_colors_info=\u00a0\u00bb{}\u00a0\u00bb sticky_enabled=\u00a0\u00bb0&Prime;]<div id=\"metaslider-id-3239\" style=\"width: 100%;\" class=\"ml-slider-3-108-0 metaslider metaslider-flex metaslider-3239 ml-slider has-carousel-mode ms-theme-default nav-hidden\" role=\"region\" aria-label=\"Galeries\" data-height=\"300\" data-width=\"300\">\n    <div id=\"metaslider_container_3239\">\n        <div id=\"metaslider_3239\">\n            <ul class='slides'>\n                <li style=\"display: none; width: 100%;\" class=\"slide-3241 ms-image \" aria-roledescription=\"slide\" data-date=\"2026-03-13 15:50:46\" data-filename=\"madamefall11-300x300.jpeg\" data-slide-type=\"image\"><img fetchpriority=\"high\" fetchpriority=\"high\" decoding=\"async\" src=\"https:\/\/archivesdusenegal.gouv.sn\/wp-content\/uploads\/2026\/03\/madamefall11-300x300.jpeg\" height=\"300\" width=\"300\" alt=\"\" class=\"slider-3239 slide-3241 msDefaultImage\" title=\"madamefall11\" \/><\/li>\n                <li style=\"display: none; width: 100%;\" class=\"slide-3242 ms-image \" aria-roledescription=\"slide\" data-date=\"2026-03-13 15:50:46\" data-filename=\"madamefall13-1-300x300.jpeg\" data-slide-type=\"image\"><img decoding=\"async\" src=\"https:\/\/archivesdusenegal.gouv.sn\/wp-content\/uploads\/2026\/03\/madamefall13-1-300x300.jpeg\" height=\"300\" width=\"300\" alt=\"\" class=\"slider-3239 slide-3242 msDefaultImage\" title=\"madamefall13\" \/><\/li>\n                <li style=\"display: none; width: 100%;\" class=\"slide-3243 ms-image \" aria-roledescription=\"slide\" data-date=\"2026-03-13 15:50:46\" data-filename=\"madamefall3-300x300.jpeg\" data-slide-type=\"image\"><img decoding=\"async\" src=\"https:\/\/archivesdusenegal.gouv.sn\/wp-content\/uploads\/2026\/03\/madamefall3-300x300.jpeg\" height=\"300\" width=\"300\" alt=\"\" class=\"slider-3239 slide-3243 msDefaultImage\" title=\"madamefall3\" \/><\/li>\n                <li style=\"display: none; width: 100%;\" class=\"slide-3244 ms-image \" aria-roledescription=\"slide\" data-date=\"2026-03-13 15:50:47\" data-filename=\"madamefall7-300x300.jpeg\" data-slide-type=\"image\"><img loading=\"lazy\" loading=\"lazy\" decoding=\"async\" src=\"https:\/\/archivesdusenegal.gouv.sn\/wp-content\/uploads\/2026\/03\/madamefall7-300x300.jpeg\" height=\"300\" width=\"300\" alt=\"\" class=\"slider-3239 slide-3244 msDefaultImage\" title=\"madamefall7\" \/><\/li>\n                <li style=\"display: none; width: 100%;\" class=\"slide-3245 ms-image \" aria-roledescription=\"slide\" data-date=\"2026-03-13 15:50:47\" data-filename=\"madamefall18-300x300.jpeg\" data-slide-type=\"image\"><img loading=\"lazy\" loading=\"lazy\" decoding=\"async\" src=\"https:\/\/archivesdusenegal.gouv.sn\/wp-content\/uploads\/2026\/03\/madamefall18-300x300.jpeg\" height=\"300\" width=\"300\" alt=\"\" class=\"slider-3239 slide-3245 msDefaultImage\" title=\"madamefall18\" \/><\/li>\n                <li style=\"display: none; width: 100%;\" class=\"slide-3246 ms-image \" aria-roledescription=\"slide\" data-date=\"2026-03-13 15:50:47\" data-filename=\"madamefall5-300x300.jpeg\" data-slide-type=\"image\"><img loading=\"lazy\" loading=\"lazy\" decoding=\"async\" src=\"https:\/\/archivesdusenegal.gouv.sn\/wp-content\/uploads\/2026\/03\/madamefall5-300x300.jpeg\" height=\"300\" width=\"300\" alt=\"\" class=\"slider-3239 slide-3246 msDefaultImage\" title=\"madamefall5\" \/><\/li>\n                <li style=\"display: none; width: 100%;\" class=\"slide-3247 ms-image \" aria-roledescription=\"slide\" data-date=\"2026-03-13 15:50:47\" data-filename=\"madamefall6-300x300.jpeg\" data-slide-type=\"image\"><img loading=\"lazy\" loading=\"lazy\" decoding=\"async\" src=\"https:\/\/archivesdusenegal.gouv.sn\/wp-content\/uploads\/2026\/03\/madamefall6-300x300.jpeg\" height=\"300\" width=\"300\" alt=\"\" class=\"slider-3239 slide-3247 msDefaultImage\" title=\"madamefall6\" \/><\/li>\n                <li style=\"display: none; width: 100%;\" class=\"slide-3248 ms-image \" aria-roledescription=\"slide\" data-date=\"2026-03-13 15:50:47\" data-filename=\"madamefall18-1-300x300.jpeg\" data-slide-type=\"image\"><img loading=\"lazy\" loading=\"lazy\" decoding=\"async\" src=\"https:\/\/archivesdusenegal.gouv.sn\/wp-content\/uploads\/2026\/03\/madamefall18-1-300x300.jpeg\" height=\"300\" width=\"300\" alt=\"\" class=\"slider-3239 slide-3248 msDefaultImage\" title=\"madamefall18\" \/><\/li>\n                <li style=\"display: none; width: 100%;\" class=\"slide-3249 ms-image \" aria-roledescription=\"slide\" data-date=\"2026-03-13 15:50:47\" data-filename=\"madamefall2-1-300x300.jpeg\" data-slide-type=\"image\"><img loading=\"lazy\" loading=\"lazy\" decoding=\"async\" src=\"https:\/\/archivesdusenegal.gouv.sn\/wp-content\/uploads\/2026\/03\/madamefall2-1-300x300.jpeg\" height=\"300\" width=\"300\" alt=\"\" class=\"slider-3239 slide-3249 msDefaultImage\" title=\"madamefall2\" \/><\/li>\n                <li style=\"display: none; width: 100%;\" class=\"slide-3250 ms-image \" aria-roledescription=\"slide\" data-date=\"2026-03-13 15:50:47\" data-filename=\"madamefall13-1-300x300.jpeg\" data-slide-type=\"image\"><img loading=\"lazy\" loading=\"lazy\" decoding=\"async\" src=\"https:\/\/archivesdusenegal.gouv.sn\/wp-content\/uploads\/2026\/03\/madamefall13-1-300x300.jpeg\" height=\"300\" width=\"300\" alt=\"\" class=\"slider-3239 slide-3250 msDefaultImage\" title=\"madamefall13\" \/><\/li>\n                <li style=\"display: none; width: 100%;\" class=\"slide-3251 ms-image \" aria-roledescription=\"slide\" data-date=\"2026-03-13 15:50:47\" data-filename=\"madalefall4-300x300.jpeg\" data-slide-type=\"image\"><img loading=\"lazy\" loading=\"lazy\" decoding=\"async\" src=\"https:\/\/archivesdusenegal.gouv.sn\/wp-content\/uploads\/2026\/03\/madalefall4-300x300.jpeg\" height=\"300\" width=\"300\" alt=\"\" class=\"slider-3239 slide-3251 msDefaultImage\" title=\"madalefall4\" \/><\/li>\n                <li style=\"display: none; width: 100%;\" class=\"slide-3252 ms-image \" aria-roledescription=\"slide\" data-date=\"2026-03-13 15:50:47\" data-filename=\"madamefall3-300x300.jpeg\" data-slide-type=\"image\"><img loading=\"lazy\" loading=\"lazy\" decoding=\"async\" src=\"https:\/\/archivesdusenegal.gouv.sn\/wp-content\/uploads\/2026\/03\/madamefall3-300x300.jpeg\" height=\"300\" width=\"300\" alt=\"\" class=\"slider-3239 slide-3252 msDefaultImage\" title=\"madamefall3\" \/><\/li>\n                <li style=\"display: none; width: 100%;\" class=\"slide-3253 ms-image \" aria-roledescription=\"slide\" data-date=\"2026-03-13 15:50:47\" data-filename=\"madamefall3-300x300.jpeg\" data-slide-type=\"image\"><img loading=\"lazy\" loading=\"lazy\" decoding=\"async\" src=\"https:\/\/archivesdusenegal.gouv.sn\/wp-content\/uploads\/2026\/03\/madamefall3-300x300.jpeg\" height=\"300\" width=\"300\" alt=\"\" class=\"slider-3239 slide-3253 msDefaultImage\" title=\"madamefall3\" \/><\/li>\n            <\/ul>\n        <\/div>\n        \n    <\/div>\n<\/div>[\/et_pb_code][\/et_pb_column][\/et_pb_row][\/et_pb_section]<\/p>\n","protected":false},"excerpt":{"rendered":"<p>La Direction des Archives du S\u00e9n\u00e9gal a re\u00e7u, ce jeudi 12 mars 2026, la visite p\u00e9dagogique des \u00e9l\u00e8ves de l\u2019\u00c9cole Franco-Islamique SAJDA de Zac Mbao. Cette visite s\u2019inscrit dans le cadre des activit\u00e9s p\u00e9dagogiques de la Direction visant \u00e0 sensibiliser les jeunes g\u00e9n\u00e9rations \u00e0 l\u2019importance des archives, \u00e0 la pr\u00e9servation de la m\u00e9moire nationale et [&hellip;]<\/p>\n","protected":false},"author":3,"featured_media":0,"parent":0,"menu_order":0,"comment_status":"closed","ping_status":"closed","template":"","meta":{"_et_pb_use_builder":"on","_et_pb_old_content":"","_et_gb_content_width":"","footnotes":""},"class_list":["post-3206","page","type-page","status-publish","hentry"],"_links":{"self":[{"href":"https:\/\/archivesdusenegal.gouv.sn\/index.php?rest_route=\/wp\/v2\/pages\/3206","targetHints":{"allow":["GET"]}}],"collection":[{"href":"https:\/\/archivesdusenegal.gouv.sn\/index.php?rest_route=\/wp\/v2\/pages"}],"about":[{"href":"https:\/\/archivesdusenegal.gouv.sn\/index.php?rest_route=\/wp\/v2\/types\/page"}],"author":[{"embeddable":true,"href":"https:\/\/archivesdusenegal.gouv.sn\/index.php?rest_route=\/wp\/v2\/users\/3"}],"replies":[{"embeddable":true,"href":"https:\/\/archivesdusenegal.gouv.sn\/index.php?rest_route=%2Fwp%2Fv2%2Fcomments&post=3206"}],"version-history":[{"count":9,"href":"https:\/\/archivesdusenegal.gouv.sn\/index.php?rest_route=\/wp\/v2\/pages\/3206\/revisions"}],"predecessor-version":[{"id":3254,"href":"https:\/\/archivesdusenegal.gouv.sn\/index.php?rest_route=\/wp\/v2\/pages\/3206\/revisions\/3254"}],"wp:attachment":[{"href":"https:\/\/archivesdusenegal.gouv.sn\/index.php?rest_route=%2Fwp%2Fv2%2Fmedia&parent=3206"}],"curies":[{"name":"wp","href":"https:\/\/api.w.org\/{rel}","templated":true}]}}

Visite pédagogique des élèves de l’École Franco-Islamique SAJDA de Zac Mbao

<p>[et_pb_section fb_built= »1&Prime; _builder_version= »4.22.0&Prime; _module_preset= »default » global_colors_info= »{} »][et_pb_row _builder_version= »4.22.0&Prime; _module_preset= »default » global_colors_info= »{} »][et_pb_column type= »4_4&Prime; _builder_version= »4.22.0&Prime; _module_preset= »default » global_colors_info= »{} »][et_pb_post_title meta= »off » featured_image= »off » _builder_version= »4.22.0&Prime; _module_preset= »default » title_text_color= »#00853F » global_colors_info= »{} »][/et_pb_post_title][/et_pb_column][/et_pb_row][et_pb_row _builder_version= »4.22.0&Prime; _module_preset= »default » global_colors_info= »{} »][et_pb_column type= »4_4&Prime; _builder_version= »4.22.0&Prime; _module_preset= »default » global_colors_info= »{} »][et_pb_text _builder_version= »4.22.0&Prime; _module_preset= »default » text_font= »|300||||||| » text_text_color= »#000000&Prime; text_font_size= »18px » text_line_height= »1.9em » global_colors_info= »{} »]</p>
<p style="text-align: left;">La Direction des Archives du Sénégal a reçu, ce jeudi 12 mars 2026, la visite pédagogique des élèves de l’École Franco-Islamique SAJDA de Zac Mbao.</p>
<p>Cette visite s’inscrit dans le cadre des activités pédagogiques de la Direction visant à sensibiliser les jeunes générations à l’importance des archives, à la préservation de la mémoire nationale et à la valorisation du patrimoine documentaire.</p>
<p>La Direction des Archives du Sénégal remercie chaleureusement l’équipe pédagogique de l’École Franco-Islamique SAJDA de Zac Mbao pour la confiance accordée ainsi que pour l’intérêt porté aux missions de notre institution.</p>
<p>[/et_pb_text][/et_pb_column][/et_pb_row][et_pb_row _builder_version= »4.22.0&Prime; _module_preset= »default » global_colors_info= »{} »][et_pb_column type= »4_4&Prime; _builder_version= »4.22.0&Prime; _module_preset= »default » global_colors_info= »{} »][et_pb_code _builder_version= »4.22.0&Prime; _module_preset= »default » hover_enabled= »0&Prime; global_colors_info= »{} » sticky_enabled= »0&Prime;]<div id="metaslider-id-3239" style="width: 100%;" class="ml-slider-3-108-0 metaslider metaslider-flex metaslider-3239 ml-slider has-carousel-mode ms-theme-default nav-hidden" role="region" aria-label="Galeries" data-height="300" data-width="300">
    <div id="metaslider_container_3239">
        <div id="metaslider_3239">
            <ul class='slides'>
                <li style="display: none; width: 100%;" class="slide-3241 ms-image " aria-roledescription="slide" data-date="2026-03-13 15:50:46" data-filename="madamefall11-300x300.jpeg" data-slide-type="image"><img fetchpriority="high" fetchpriority="high" decoding="async" src="https://archivesdusenegal.gouv.sn/wp-content/uploads/2026/03/madamefall11-300x300.jpeg" height="300" width="300" alt="" class="slider-3239 slide-3241 msDefaultImage" title="madamefall11" /></li>
                <li style="display: none; width: 100%;" class="slide-3242 ms-image " aria-roledescription="slide" data-date="2026-03-13 15:50:46" data-filename="madamefall13-1-300x300.jpeg" data-slide-type="image"><img decoding="async" src="https://archivesdusenegal.gouv.sn/wp-content/uploads/2026/03/madamefall13-1-300x300.jpeg" height="300" width="300" alt="" class="slider-3239 slide-3242 msDefaultImage" title="madamefall13" /></li>
                <li style="display: none; width: 100%;" class="slide-3243 ms-image " aria-roledescription="slide" data-date="2026-03-13 15:50:46" data-filename="madamefall3-300x300.jpeg" data-slide-type="image"><img decoding="async" src="https://archivesdusenegal.gouv.sn/wp-content/uploads/2026/03/madamefall3-300x300.jpeg" height="300" width="300" alt="" class="slider-3239 slide-3243 msDefaultImage" title="madamefall3" /></li>
                <li style="display: none; width: 100%;" class="slide-3244 ms-image " aria-roledescription="slide" data-date="2026-03-13 15:50:47" data-filename="madamefall7-300x300.jpeg" data-slide-type="image"><img loading="lazy" loading="lazy" decoding="async" src="https://archivesdusenegal.gouv.sn/wp-content/uploads/2026/03/madamefall7-300x300.jpeg" height="300" width="300" alt="" class="slider-3239 slide-3244 msDefaultImage" title="madamefall7" /></li>
                <li style="display: none; width: 100%;" class="slide-3245 ms-image " aria-roledescription="slide" data-date="2026-03-13 15:50:47" data-filename="madamefall18-300x300.jpeg" data-slide-type="image"><img loading="lazy" loading="lazy" decoding="async" src="https://archivesdusenegal.gouv.sn/wp-content/uploads/2026/03/madamefall18-300x300.jpeg" height="300" width="300" alt="" class="slider-3239 slide-3245 msDefaultImage" title="madamefall18" /></li>
                <li style="display: none; width: 100%;" class="slide-3246 ms-image " aria-roledescription="slide" data-date="2026-03-13 15:50:47" data-filename="madamefall5-300x300.jpeg" data-slide-type="image"><img loading="lazy" loading="lazy" decoding="async" src="https://archivesdusenegal.gouv.sn/wp-content/uploads/2026/03/madamefall5-300x300.jpeg" height="300" width="300" alt="" class="slider-3239 slide-3246 msDefaultImage" title="madamefall5" /></li>
                <li style="display: none; width: 100%;" class="slide-3247 ms-image " aria-roledescription="slide" data-date="2026-03-13 15:50:47" data-filename="madamefall6-300x300.jpeg" data-slide-type="image"><img loading="lazy" loading="lazy" decoding="async" src="https://archivesdusenegal.gouv.sn/wp-content/uploads/2026/03/madamefall6-300x300.jpeg" height="300" width="300" alt="" class="slider-3239 slide-3247 msDefaultImage" title="madamefall6" /></li>
                <li style="display: none; width: 100%;" class="slide-3248 ms-image " aria-roledescription="slide" data-date="2026-03-13 15:50:47" data-filename="madamefall18-1-300x300.jpeg" data-slide-type="image"><img loading="lazy" loading="lazy" decoding="async" src="https://archivesdusenegal.gouv.sn/wp-content/uploads/2026/03/madamefall18-1-300x300.jpeg" height="300" width="300" alt="" class="slider-3239 slide-3248 msDefaultImage" title="madamefall18" /></li>
                <li style="display: none; width: 100%;" class="slide-3249 ms-image " aria-roledescription="slide" data-date="2026-03-13 15:50:47" data-filename="madamefall2-1-300x300.jpeg" data-slide-type="image"><img loading="lazy" loading="lazy" decoding="async" src="https://archivesdusenegal.gouv.sn/wp-content/uploads/2026/03/madamefall2-1-300x300.jpeg" height="300" width="300" alt="" class="slider-3239 slide-3249 msDefaultImage" title="madamefall2" /></li>
                <li style="display: none; width: 100%;" class="slide-3250 ms-image " aria-roledescription="slide" data-date="2026-03-13 15:50:47" data-filename="madamefall13-1-300x300.jpeg" data-slide-type="image"><img loading="lazy" loading="lazy" decoding="async" src="https://archivesdusenegal.gouv.sn/wp-content/uploads/2026/03/madamefall13-1-300x300.jpeg" height="300" width="300" alt="" class="slider-3239 slide-3250 msDefaultImage" title="madamefall13" /></li>
                <li style="display: none; width: 100%;" class="slide-3251 ms-image " aria-roledescription="slide" data-date="2026-03-13 15:50:47" data-filename="madalefall4-300x300.jpeg" data-slide-type="image"><img loading="lazy" loading="lazy" decoding="async" src="https://archivesdusenegal.gouv.sn/wp-content/uploads/2026/03/madalefall4-300x300.jpeg" height="300" width="300" alt="" class="slider-3239 slide-3251 msDefaultImage" title="madalefall4" /></li>
                <li style="display: none; width: 100%;" class="slide-3252 ms-image " aria-roledescription="slide" data-date="2026-03-13 15:50:47" data-filename="madamefall3-300x300.jpeg" data-slide-type="image"><img loading="lazy" loading="lazy" decoding="async" src="https://archivesdusenegal.gouv.sn/wp-content/uploads/2026/03/madamefall3-300x300.jpeg" height="300" width="300" alt="" class="slider-3239 slide-3252 msDefaultImage" title="madamefall3" /></li>
                <li style="display: none; width: 100%;" class="slide-3253 ms-image " aria-roledescription="slide" data-date="2026-03-13 15:50:47" data-filename="madamefall3-300x300.jpeg" data-slide-type="image"><img loading="lazy" loading="lazy" decoding="async" src="https://archivesdusenegal.gouv.sn/wp-content/uploads/2026/03/madamefall3-300x300.jpeg" height="300" width="300" alt="" class="slider-3239 slide-3253 msDefaultImage" title="madamefall3" /></li>
            </ul>
        </div>
        
    </div>
</div>[/et_pb_code][/et_pb_column][/et_pb_row][/et_pb_section]</p>

<p>La Direction des Archives du Sénégal a reçu, ce jeudi 12 mars 2026, la visite pédagogique des élèves de l’École Franco-Islamique SAJDA de Zac Mbao. Cette visite s’inscrit dans le cadre des activités pédagogiques de la Direction visant à sensibiliser les jeunes générations à l’importance des archives, à la préservation de la mémoire nationale et [&hellip;]</p>
