{"id":3485,"date":"2026-04-17T10:00:44","date_gmt":"2026-04-17T10:00:44","guid":{"rendered":"https:\/\/archivesdusenegal.gouv.sn\/?page_id=3485"},"modified":"2026-04-17T12:24:20","modified_gmt":"2026-04-17T12:24:20","slug":"reception-officielle-de-la-nouvelle-edition-de-la-bibliographie-nationale-du-senegal-volume-1-2005-2015","status":"publish","type":"page","link":"https:\/\/archivesdusenegal.gouv.sn\/?page_id=3485","title":{"rendered":"R\u00e9ception officielle de la nouvelle \u00e9dition de la Bibliographie nationale du S\u00e9n\u00e9gal (volume 1 : 2005-2015)&#8230;"},"content":{"rendered":"<p>[et_pb_section fb_built=\u00a0\u00bb1&Prime; _builder_version=\u00a0\u00bb4.22.0&Prime; _module_preset=\u00a0\u00bbdefault\u00a0\u00bb global_colors_info=\u00a0\u00bb{}\u00a0\u00bb][et_pb_row _builder_version=\u00a0\u00bb4.22.0&Prime; _module_preset=\u00a0\u00bbdefault\u00a0\u00bb global_colors_info=\u00a0\u00bb{}\u00a0\u00bb][et_pb_column type=\u00a0\u00bb4_4&Prime; _builder_version=\u00a0\u00bb4.22.0&Prime; _module_preset=\u00a0\u00bbdefault\u00a0\u00bb global_colors_info=\u00a0\u00bb{}\u00a0\u00bb][et_pb_accordion _builder_version=\u00a0\u00bb4.22.0&Prime; _module_preset=\u00a0\u00bbdefault\u00a0\u00bb global_colors_info=\u00a0\u00bb{}\u00a0\u00bb][et_pb_accordion_item title=\u00a0\u00bbR\u00e9ception officielle de la nouvelle \u00e9dition de la Bibliographie nationale du S\u00e9n\u00e9gal (volume 1 : 2005-2015)\u00a0\u00bb open=\u00a0\u00bbon\u00a0\u00bb open_toggle_text_color=\u00a0\u00bb#00853F\u00a0\u00bb _builder_version=\u00a0\u00bb4.22.0&Prime; _module_preset=\u00a0\u00bbdefault\u00a0\u00bb body_text_color=\u00a0\u00bb#000000&Prime; border_width_all=\u00a0\u00bb0px\u00a0\u00bb global_colors_info=\u00a0\u00bb{}\u00a0\u00bb toggle_font=\u00a0\u00bb|||on|||||\u00a0\u00bb toggle_font_size=\u00a0\u00bb28px\u00a0\u00bb]<\/p>\n<p>Ce mardi 14 avril 2026, le Directeur des Archives du S\u00e9n\u00e9gal a proc\u00e9d\u00e9 \u00e0 la r\u00e9ception officielle, des mains du Professeur Moussa Samba, Directeur des Presses universitaires de Dakar (PUD), de la nouvelle \u00e9dition de la Bibliographie nationale du S\u00e9n\u00e9gal (volume 1 : 2005-2015), en pr\u00e9sence du personnel des deux structures.<\/p>\n<p>La Direction des Archives du S\u00e9n\u00e9gal se f\u00e9licite de la reprise de l\u2019\u00e9dition de ce document embl\u00e9matique, v\u00e9ritable instrument de mesure de la production intellectuelle nationale, recensant les ouvrages \u00e9dit\u00e9s ou diffus\u00e9s sur le territoire et conserv\u00e9s \u00e0 la Biblioth\u00e8que des Archives du S\u00e9n\u00e9gal.<\/p>\n<p>Ce chantier structurant s\u2019inscrit dans la dynamique de redynamisation de la Biblioth\u00e8que des Archives du S\u00e9n\u00e9gal (BDAS), port\u00e9e par un partenariat f\u00e9cond avec les Presses Universitaires de Dakar.<\/p>\n<p>Les Archives du S\u00e9n\u00e9gal adressent leurs sinc\u00e8res remerciements aux Presses Universitaires de Dakar pour leur accompagnement et leur engagement, et se r\u00e9jouissent des perspectives prometteuses, notamment la r\u00e9alisation du deuxi\u00e8me volume et la relance des instruments de recherche de la Direction.<\/p>\n<p style=\"text-align: justify;\">Retour en images sur cette journ\u00e9e richement charg\u00e9e.<\/p>\n<p>[\/et_pb_accordion_item][\/et_pb_accordion][\/et_pb_column][\/et_pb_row][et_pb_row _builder_version=\u00a0\u00bb4.22.0&Prime; _module_preset=\u00a0\u00bbdefault\u00a0\u00bb][et_pb_column _builder_version=\u00a0\u00bb4.22.0&Prime; _module_preset=\u00a0\u00bbdefault\u00a0\u00bb type=\u00a0\u00bb4_4&Prime;][et_pb_code _builder_version=\u00a0\u00bb4.22.0&Prime; _module_preset=\u00a0\u00bbdefault\u00a0\u00bb hover_enabled=\u00a0\u00bb0&Prime; sticky_enabled=\u00a0\u00bb0&Prime;]<div id=\"metaslider-id-3578\" style=\"width: 100%;\" class=\"ml-slider-3-108-0 metaslider metaslider-flex metaslider-3578 ml-slider has-carousel-mode ms-theme-default nav-hidden\" role=\"region\" aria-label=\"Galeries\" data-height=\"300\" data-width=\"300\">\n    <div id=\"metaslider_container_3578\">\n        <div id=\"metaslider_3578\">\n            <ul class='slides'>\n                <li style=\"display: none; width: 100%;\" class=\"slide-3606 ms-image \" aria-roledescription=\"slide\" data-date=\"2026-04-17 11:58:12\" data-filename=\"Bu3-300x300.jpeg\" data-slide-type=\"image\"><img fetchpriority=\"high\" fetchpriority=\"high\" decoding=\"async\" src=\"https:\/\/archivesdusenegal.gouv.sn\/wp-content\/uploads\/2026\/04\/Bu3-300x300.jpeg\" height=\"300\" width=\"300\" alt=\"\" class=\"slider-3578 slide-3606 msDefaultImage\" title=\"Bu3\" \/><\/li>\n                <li style=\"display: none; width: 100%;\" class=\"slide-3607 ms-image \" aria-roledescription=\"slide\" data-date=\"2026-04-17 11:58:12\" data-filename=\"672672948_122172360356917518_1234976593735938332_n-e1776351913265-300x300.jpg\" data-slide-type=\"image\"><img decoding=\"async\" src=\"https:\/\/archivesdusenegal.gouv.sn\/wp-content\/uploads\/2026\/04\/672672948_122172360356917518_1234976593735938332_n-e1776351913265-300x300.jpg\" height=\"300\" width=\"300\" alt=\"\" class=\"slider-3578 slide-3607 msDefaultImage\" title=\"672672948_122172360356917518_1234976593735938332_n\" \/><\/li>\n                <li style=\"display: none; width: 100%;\" class=\"slide-3608 ms-image \" aria-roledescription=\"slide\" data-date=\"2026-04-17 11:58:12\" data-filename=\"673852603_122172359342917518_3420853971972453878_n-300x300.jpg\" data-slide-type=\"image\"><img decoding=\"async\" src=\"https:\/\/archivesdusenegal.gouv.sn\/wp-content\/uploads\/2026\/04\/673852603_122172359342917518_3420853971972453878_n-300x300.jpg\" height=\"300\" width=\"300\" alt=\"\" class=\"slider-3578 slide-3608 msDefaultImage\" title=\"673852603_122172359342917518_3420853971972453878_n\" \/><\/li>\n                <li style=\"display: none; width: 100%;\" class=\"slide-3609 ms-image \" aria-roledescription=\"slide\" data-date=\"2026-04-17 11:58:12\" data-filename=\"672643999_122172359006917518_7687052266427926077_n-300x300.jpg\" data-slide-type=\"image\"><img loading=\"lazy\" loading=\"lazy\" decoding=\"async\" src=\"https:\/\/archivesdusenegal.gouv.sn\/wp-content\/uploads\/2026\/04\/672643999_122172359006917518_7687052266427926077_n-300x300.jpg\" height=\"300\" width=\"300\" alt=\"\" class=\"slider-3578 slide-3609 msDefaultImage\" title=\"672643999_122172359006917518_7687052266427926077_n\" \/><\/li>\n                <li style=\"display: none; width: 100%;\" class=\"slide-3610 ms-image \" aria-roledescription=\"slide\" data-date=\"2026-04-17 11:58:12\" data-filename=\"672120976_122172360440917518_2390374873262439805_n-300x300.jpg\" data-slide-type=\"image\"><img loading=\"lazy\" loading=\"lazy\" decoding=\"async\" src=\"https:\/\/archivesdusenegal.gouv.sn\/wp-content\/uploads\/2026\/04\/672120976_122172360440917518_2390374873262439805_n-300x300.jpg\" height=\"300\" width=\"300\" alt=\"\" class=\"slider-3578 slide-3610 msDefaultImage\" title=\"672120976_122172360440917518_2390374873262439805_n\" \/><\/li>\n                <li style=\"display: none; width: 100%;\" class=\"slide-3611 ms-image \" aria-roledescription=\"slide\" data-date=\"2026-04-17 11:58:12\" data-filename=\"671242675_122172358946917518_410382070010282487_n-e1776354577417-300x300.jpg\" data-slide-type=\"image\"><img loading=\"lazy\" loading=\"lazy\" decoding=\"async\" src=\"https:\/\/archivesdusenegal.gouv.sn\/wp-content\/uploads\/2026\/04\/671242675_122172358946917518_410382070010282487_n-e1776354577417-300x300.jpg\" height=\"300\" width=\"300\" alt=\"\" class=\"slider-3578 slide-3611 msDefaultImage\" title=\"671242675_122172358946917518_410382070010282487_n\" \/><\/li>\n                <li style=\"display: none; width: 100%;\" class=\"slide-3612 ms-image \" aria-roledescription=\"slide\" data-date=\"2026-04-17 11:58:12\" data-filename=\"671030190_122172360332917518_6400634093563880900_n-300x300.jpg\" data-slide-type=\"image\"><img loading=\"lazy\" loading=\"lazy\" decoding=\"async\" src=\"https:\/\/archivesdusenegal.gouv.sn\/wp-content\/uploads\/2026\/04\/671030190_122172360332917518_6400634093563880900_n-300x300.jpg\" height=\"300\" width=\"300\" alt=\"\" class=\"slider-3578 slide-3612 msDefaultImage\" title=\"671030190_122172360332917518_6400634093563880900_n\" \/><\/li>\n            <\/ul>\n        <\/div>\n        \n    <\/div>\n<\/div>[\/et_pb_code][\/et_pb_column][\/et_pb_row][\/et_pb_section]<\/p>\n","protected":false},"excerpt":{"rendered":"<p>Ce mardi 14 avril 2026, le Directeur des Archives du S\u00e9n\u00e9gal a proc\u00e9d\u00e9 \u00e0 la r\u00e9ception officielle, des mains du Professeur Moussa Samba, Directeur des Presses universitaires de Dakar (PUD), de la nouvelle \u00e9dition de la Bibliographie nationale du S\u00e9n\u00e9gal (volume 1 : 2005-2015), en pr\u00e9sence du personnel des deux structures. La Direction des Archives [&hellip;]<\/p>\n","protected":false},"author":3,"featured_media":0,"parent":0,"menu_order":0,"comment_status":"closed","ping_status":"closed","template":"","meta":{"_et_pb_use_builder":"on","_et_pb_old_content":"","_et_gb_content_width":"","footnotes":""},"class_list":["post-3485","page","type-page","status-publish","hentry"],"_links":{"self":[{"href":"https:\/\/archivesdusenegal.gouv.sn\/index.php?rest_route=\/wp\/v2\/pages\/3485","targetHints":{"allow":["GET"]}}],"collection":[{"href":"https:\/\/archivesdusenegal.gouv.sn\/index.php?rest_route=\/wp\/v2\/pages"}],"about":[{"href":"https:\/\/archivesdusenegal.gouv.sn\/index.php?rest_route=\/wp\/v2\/types\/page"}],"author":[{"embeddable":true,"href":"https:\/\/archivesdusenegal.gouv.sn\/index.php?rest_route=\/wp\/v2\/users\/3"}],"replies":[{"embeddable":true,"href":"https:\/\/archivesdusenegal.gouv.sn\/index.php?rest_route=%2Fwp%2Fv2%2Fcomments&post=3485"}],"version-history":[{"count":4,"href":"https:\/\/archivesdusenegal.gouv.sn\/index.php?rest_route=\/wp\/v2\/pages\/3485\/revisions"}],"predecessor-version":[{"id":3630,"href":"https:\/\/archivesdusenegal.gouv.sn\/index.php?rest_route=\/wp\/v2\/pages\/3485\/revisions\/3630"}],"wp:attachment":[{"href":"https:\/\/archivesdusenegal.gouv.sn\/index.php?rest_route=%2Fwp%2Fv2%2Fmedia&parent=3485"}],"curies":[{"name":"wp","href":"https:\/\/api.w.org\/{rel}","templated":true}]}}