{"id":3699,"date":"2026-04-18T17:49:45","date_gmt":"2026-04-18T17:49:45","guid":{"rendered":"https:\/\/archivesdusenegal.gouv.sn\/?page_id=3699"},"modified":"2026-09-03T10:05:06","modified_gmt":"2026-09-03T10:05:06","slug":"digitalisation-des-archives-national-du-senegal","status":"publish","type":"page","link":"https:\/\/archivesdusenegal.gouv.sn\/?page_id=3699","title":{"rendered":"Un grand chantier pour rendre notre m\u00e9moire plus accessible"},"content":{"rendered":"\n[et_pb_section fb_built=\u00a0\u00bb1&Prime; _builder_version=\u00a0\u00bb4.22.0&Prime; _module_preset=\u00a0\u00bbdefault\u00a0\u00bb global_colors_info=\u00a0\u00bb{}\u00a0\u00bb][et_pb_row _builder_version=\u00a0\u00bb4.22.0&Prime; _module_preset=\u00a0\u00bbdefault\u00a0\u00bb global_colors_info=\u00a0\u00bb{}\u00a0\u00bb][et_pb_column type=\u00a0\u00bb4_4&Prime; _builder_version=\u00a0\u00bb4.22.0&Prime; _module_preset=\u00a0\u00bbdefault\u00a0\u00bb global_colors_info=\u00a0\u00bb{}\u00a0\u00bb][et_pb_post_title meta=\u00a0\u00bboff\u00a0\u00bb _builder_version=\u00a0\u00bb4.27.6&Prime; _module_preset=\u00a0\u00bbdefault\u00a0\u00bb title_text_color=\u00a0\u00bb#00853F\u00a0\u00bb hover_enabled=\u00a0\u00bb0&Prime; global_colors_info=\u00a0\u00bb{}\u00a0\u00bb sticky_enabled=\u00a0\u00bb0&Prime;][\/et_pb_post_title][et_pb_text _builder_version=\u00a0\u00bb4.27.6&Prime; _module_preset=\u00a0\u00bbdefault\u00a0\u00bb text_font=\u00a0\u00bb|300|||||||\u00a0\u00bb text_text_color=\u00a0\u00bb#000000&Prime; text_font_size=\u00a0\u00bb17px\u00a0\u00bb text_line_height=\u00a0\u00bb1.8em\u00a0\u00bb hover_enabled=\u00a0\u00bb0&Prime; global_colors_info=\u00a0\u00bb{}\u00a0\u00bb sticky_enabled=\u00a0\u00bb0&Prime;]La Direction des Archives du S\u00e9n\u00e9gal lance un grand chantier de traitement des archives, une op\u00e9ration d\u2019envergure destin\u00e9e \u00e0 mieux organiser, pr\u00e9server et rendre accessibles des pans majeurs de notre patrimoine documentaire.\n\nCe chantier permettra notamment de mettre progressivement \u00e0 la disposition du public les archives des premi\u00e8res ann\u00e9es du S\u00e9n\u00e9gal ind\u00e9pendant, ainsi qu\u2019une partie encore non accessible du fonds de l\u2019Afrique-Occidentale fran\u00e7aise (AOF).\n\nDerri\u00e8re chaque dossier trait\u00e9, chaque document class\u00e9, se trouve une part de notre histoire qui devient enfin plus accessible aux chercheurs, aux \u00e9tudiants et \u00e0 tous ceux qui souhaitent mieux conna\u00eetre notre pass\u00e9.\n\nUn chantier aujourd\u2019hui, une m\u00e9moire mieux accessible demain.[\/et_pb_text][\/et_pb_column][\/et_pb_row][et_pb_row _builder_version=\u00a0\u00bb4.22.0&Prime; _module_preset=\u00a0\u00bbdefault\u00a0\u00bb global_colors_info=\u00a0\u00bb{}\u00a0\u00bb][et_pb_column type=\u00a0\u00bb4_4&Prime; _builder_version=\u00a0\u00bb4.22.0&Prime; _module_preset=\u00a0\u00bbdefault\u00a0\u00bb global_colors_info=\u00a0\u00bb{}\u00a0\u00bb][et_pb_code _builder_version=\u00a0\u00bb4.27.6&Prime; _module_preset=\u00a0\u00bbdefault\u00a0\u00bb hover_enabled=\u00a0\u00bb0&Prime; global_colors_info=\u00a0\u00bb{}\u00a0\u00bb sticky_enabled=\u00a0\u00bb0&Prime;]<div id=\"metaslider-id-3705\" style=\"width: 100%;\" class=\"ml-slider-3-112-0 metaslider metaslider-flex metaslider-3705 ml-slider has-carousel-mode ms-theme-default nav-hidden\" role=\"region\" aria-label=\"Galeries\" data-height=\"300\" data-width=\"300\">\n    <div id=\"metaslider_container_3705\">\n        <div id=\"metaslider_3705\">\n            <ul class='slides'>\n                <li style=\"display: none; width: 100%;\" class=\"slide-3706 ms-image \" aria-roledescription=\"slide\" data-date=\"2026-04-20 10:31:03\" data-filename=\"image1-1-300x300.jpeg\" data-slide-type=\"image\"><img loading=\"lazy\" decoding=\"async\" src=\"https:\/\/archivesdusenegal.gouv.sn\/wp-content\/uploads\/2026\/09\/image1-1-300x300.jpeg\" height=\"300\" width=\"300\" alt=\"\" class=\"slider-3705 slide-3706 msDefaultImage\" title=\"image1\" \/><\/li>\n                <li style=\"display: none; width: 100%;\" class=\"slide-3707 ms-image \" aria-roledescription=\"slide\" data-date=\"2026-04-20 10:31:03\" data-filename=\"image2-300x300.jpeg\" data-slide-type=\"image\"><img loading=\"lazy\" decoding=\"async\" src=\"https:\/\/archivesdusenegal.gouv.sn\/wp-content\/uploads\/2026\/09\/image2-300x300.jpeg\" height=\"300\" width=\"300\" alt=\"\" class=\"slider-3705 slide-3707 msDefaultImage\" title=\"image2\" \/><\/li>\n                <li style=\"display: none; width: 100%;\" class=\"slide-3708 ms-image \" aria-roledescription=\"slide\" data-date=\"2026-04-20 10:31:03\" data-filename=\"image3-300x300.jpeg\" data-slide-type=\"image\"><img loading=\"lazy\" decoding=\"async\" src=\"https:\/\/archivesdusenegal.gouv.sn\/wp-content\/uploads\/2026\/09\/image3-300x300.jpeg\" height=\"300\" width=\"300\" alt=\"\" class=\"slider-3705 slide-3708 msDefaultImage\" title=\"image3\" \/><\/li>\n                <li style=\"display: none; width: 100%;\" class=\"slide-3709 ms-image \" aria-roledescription=\"slide\" data-date=\"2026-04-20 10:31:03\" data-filename=\"image4-300x300.jpeg\" data-slide-type=\"image\"><img loading=\"lazy\" decoding=\"async\" src=\"https:\/\/archivesdusenegal.gouv.sn\/wp-content\/uploads\/2026\/09\/image4-300x300.jpeg\" height=\"300\" width=\"300\" alt=\"\" class=\"slider-3705 slide-3709 msDefaultImage\" title=\"image4\" \/><\/li>\n                <li style=\"display: none; width: 100%;\" class=\"slide-3710 ms-image \" aria-roledescription=\"slide\" data-date=\"2026-04-20 10:31:03\" data-filename=\"image6-300x300.jpeg\" data-slide-type=\"image\"><img loading=\"lazy\" decoding=\"async\" src=\"https:\/\/archivesdusenegal.gouv.sn\/wp-content\/uploads\/2026\/09\/image6-300x300.jpeg\" height=\"300\" width=\"300\" alt=\"\" class=\"slider-3705 slide-3710 msDefaultImage\" title=\"image6\" \/><\/li>\n                <li style=\"display: none; width: 100%;\" class=\"slide-3711 ms-image \" aria-roledescription=\"slide\" data-date=\"2026-04-20 10:31:03\" data-filename=\"image5-300x300.jpeg\" data-slide-type=\"image\"><img loading=\"lazy\" decoding=\"async\" src=\"https:\/\/archivesdusenegal.gouv.sn\/wp-content\/uploads\/2026\/09\/image5-300x300.jpeg\" height=\"300\" width=\"300\" alt=\"\" class=\"slider-3705 slide-3711 msDefaultImage\" title=\"image5\" \/><\/li>\n                <li style=\"display: none; width: 100%;\" class=\"slide-3712 ms-image \" aria-roledescription=\"slide\" data-date=\"2026-04-20 10:31:03\" data-filename=\"image3-300x300.jpeg\" data-slide-type=\"image\"><img loading=\"lazy\" decoding=\"async\" src=\"https:\/\/archivesdusenegal.gouv.sn\/wp-content\/uploads\/2026\/09\/image3-300x300.jpeg\" height=\"300\" width=\"300\" alt=\"\" class=\"slider-3705 slide-3712 msDefaultImage\" title=\"image3\" \/><\/li>\n                <li style=\"display: none; width: 100%;\" class=\"slide-3713 ms-image \" aria-roledescription=\"slide\" data-date=\"2026-04-20 10:31:03\" data-filename=\"image4-300x300.jpeg\" data-slide-type=\"image\"><img loading=\"lazy\" decoding=\"async\" src=\"https:\/\/archivesdusenegal.gouv.sn\/wp-content\/uploads\/2026\/09\/image4-300x300.jpeg\" height=\"300\" width=\"300\" alt=\"\" class=\"slider-3705 slide-3713 msDefaultImage\" title=\"image4\" \/><\/li>\n                <li style=\"display: none; width: 100%;\" class=\"slide-3714 ms-image \" aria-roledescription=\"slide\" data-date=\"2026-04-20 10:31:03\" data-filename=\"image1-300x300.jpeg\" data-slide-type=\"image\"><img loading=\"lazy\" decoding=\"async\" src=\"https:\/\/archivesdusenegal.gouv.sn\/wp-content\/uploads\/2026\/09\/image1-300x300.jpeg\" height=\"300\" width=\"300\" alt=\"\" class=\"slider-3705 slide-3714 msDefaultImage\" title=\"image1\" \/><\/li>\n                <li style=\"display: none; width: 100%;\" class=\"slide-3715 ms-image \" aria-roledescription=\"slide\" data-date=\"2026-04-20 10:31:03\" data-filename=\"image3-300x300.jpeg\" data-slide-type=\"image\"><img loading=\"lazy\" decoding=\"async\" src=\"https:\/\/archivesdusenegal.gouv.sn\/wp-content\/uploads\/2026\/09\/image3-300x300.jpeg\" height=\"300\" width=\"300\" alt=\"\" class=\"slider-3705 slide-3715 msDefaultImage\" title=\"image3\" \/><\/li>\n            <\/ul>\n        <\/div>\n        \n    <\/div>\n<\/div>[\/et_pb_code][\/et_pb_column][\/et_pb_row][\/et_pb_section]\n","protected":false},"excerpt":{"rendered":"<p>La Direction des Archives du S\u00e9n\u00e9gal lance un grand chantier de traitement des archives, une op\u00e9ration d\u2019envergure destin\u00e9e \u00e0 mieux organiser, pr\u00e9server et rendre accessibles des pans majeurs de notre patrimoine documentaire. Ce chantier permettra notamment de mettre progressivement \u00e0 la disposition du public les archives des premi\u00e8res ann\u00e9es du S\u00e9n\u00e9gal ind\u00e9pendant, ainsi qu\u2019une partie [&hellip;]<\/p>\n","protected":false},"author":3,"featured_media":0,"parent":0,"menu_order":0,"comment_status":"closed","ping_status":"closed","template":"","meta":{"_et_pb_use_builder":"on","_et_pb_old_content":"<!-- wp:divi\/placeholder \/-->","_et_gb_content_width":"","footnotes":""},"class_list":["post-3699","page","type-page","status-publish","hentry"],"_links":{"self":[{"href":"https:\/\/archivesdusenegal.gouv.sn\/index.php?rest_route=\/wp\/v2\/pages\/3699","targetHints":{"allow":["GET"]}}],"collection":[{"href":"https:\/\/archivesdusenegal.gouv.sn\/index.php?rest_route=\/wp\/v2\/pages"}],"about":[{"href":"https:\/\/archivesdusenegal.gouv.sn\/index.php?rest_route=\/wp\/v2\/types\/page"}],"author":[{"embeddable":true,"href":"https:\/\/archivesdusenegal.gouv.sn\/index.php?rest_route=\/wp\/v2\/users\/3"}],"replies":[{"embeddable":true,"href":"https:\/\/archivesdusenegal.gouv.sn\/index.php?rest_route=%2Fwp%2Fv2%2Fcomments&post=3699"}],"version-history":[{"count":6,"href":"https:\/\/archivesdusenegal.gouv.sn\/index.php?rest_route=\/wp\/v2\/pages\/3699\/revisions"}],"predecessor-version":[{"id":4247,"href":"https:\/\/archivesdusenegal.gouv.sn\/index.php?rest_route=\/wp\/v2\/pages\/3699\/revisions\/4247"}],"wp:attachment":[{"href":"https:\/\/archivesdusenegal.gouv.sn\/index.php?rest_route=%2Fwp%2Fv2%2Fmedia&parent=3699"}],"curies":[{"name":"wp","href":"https:\/\/api.w.org\/{rel}","templated":true}]}}

Un grand chantier pour rendre notre mémoire plus accessible

[et_pb_section fb_built= »1&Prime; _builder_version= »4.22.0&Prime; _module_preset= »default » global_colors_info= »{} »][et_pb_row _builder_version= »4.22.0&Prime; _module_preset= »default » global_colors_info= »{} »][et_pb_column type= »4_4&Prime; _builder_version= »4.22.0&Prime; _module_preset= »default » global_colors_info= »{} »][et_pb_post_title meta= »off » _builder_version= »4.27.6&Prime; _module_preset= »default » title_text_color= »#00853F » hover_enabled= »0&Prime; global_colors_info= »{} » sticky_enabled= »0&Prime;][/et_pb_post_title][et_pb_text _builder_version= »4.27.6&Prime; _module_preset= »default » text_font= »|300||||||| » text_text_color= »#000000&Prime; text_font_size= »17px » text_line_height= »1.8em » hover_enabled= »0&Prime; global_colors_info= »{} » sticky_enabled= »0&Prime;]La Direction des Archives du Sénégal lance un grand chantier de traitement des archives, une opération d’envergure destinée à mieux organiser, préserver et rendre accessibles des pans majeurs de notre patrimoine documentaire.

Ce chantier permettra notamment de mettre progressivement à la disposition du public les archives des premières années du Sénégal indépendant, ainsi qu’une partie encore non accessible du fonds de l’Afrique-Occidentale française (AOF).

Derrière chaque dossier traité, chaque document classé, se trouve une part de notre histoire qui devient enfin plus accessible aux chercheurs, aux étudiants et à tous ceux qui souhaitent mieux connaître notre passé.

Un chantier aujourd’hui, une mémoire mieux accessible demain.[/et_pb_text][/et_pb_column][/et_pb_row][et_pb_row _builder_version= »4.22.0&Prime; _module_preset= »default » global_colors_info= »{} »][et_pb_column type= »4_4&Prime; _builder_version= »4.22.0&Prime; _module_preset= »default » global_colors_info= »{} »][et_pb_code _builder_version= »4.27.6&Prime; _module_preset= »default » hover_enabled= »0&Prime; global_colors_info= »{} » sticky_enabled= »0&Prime;]<div id="metaslider-id-3705" style="width: 100%;" class="ml-slider-3-112-0 metaslider metaslider-flex metaslider-3705 ml-slider has-carousel-mode ms-theme-default nav-hidden" role="region" aria-label="Galeries" data-height="300" data-width="300">
    <div id="metaslider_container_3705">
        <div id="metaslider_3705">
            <ul class='slides'>
                <li style="display: none; width: 100%;" class="slide-3706 ms-image " aria-roledescription="slide" data-date="2026-04-20 10:31:03" data-filename="image1-1-300x300.jpeg" data-slide-type="image"><img loading="lazy" decoding="async" src="https://archivesdusenegal.gouv.sn/wp-content/uploads/2026/09/image1-1-300x300.jpeg" height="300" width="300" alt="" class="slider-3705 slide-3706 msDefaultImage" title="image1" /></li>
                <li style="display: none; width: 100%;" class="slide-3707 ms-image " aria-roledescription="slide" data-date="2026-04-20 10:31:03" data-filename="image2-300x300.jpeg" data-slide-type="image"><img loading="lazy" decoding="async" src="https://archivesdusenegal.gouv.sn/wp-content/uploads/2026/09/image2-300x300.jpeg" height="300" width="300" alt="" class="slider-3705 slide-3707 msDefaultImage" title="image2" /></li>
                <li style="display: none; width: 100%;" class="slide-3708 ms-image " aria-roledescription="slide" data-date="2026-04-20 10:31:03" data-filename="image3-300x300.jpeg" data-slide-type="image"><img loading="lazy" decoding="async" src="https://archivesdusenegal.gouv.sn/wp-content/uploads/2026/09/image3-300x300.jpeg" height="300" width="300" alt="" class="slider-3705 slide-3708 msDefaultImage" title="image3" /></li>
                <li style="display: none; width: 100%;" class="slide-3709 ms-image " aria-roledescription="slide" data-date="2026-04-20 10:31:03" data-filename="image4-300x300.jpeg" data-slide-type="image"><img loading="lazy" decoding="async" src="https://archivesdusenegal.gouv.sn/wp-content/uploads/2026/09/image4-300x300.jpeg" height="300" width="300" alt="" class="slider-3705 slide-3709 msDefaultImage" title="image4" /></li>
                <li style="display: none; width: 100%;" class="slide-3710 ms-image " aria-roledescription="slide" data-date="2026-04-20 10:31:03" data-filename="image6-300x300.jpeg" data-slide-type="image"><img loading="lazy" decoding="async" src="https://archivesdusenegal.gouv.sn/wp-content/uploads/2026/09/image6-300x300.jpeg" height="300" width="300" alt="" class="slider-3705 slide-3710 msDefaultImage" title="image6" /></li>
                <li style="display: none; width: 100%;" class="slide-3711 ms-image " aria-roledescription="slide" data-date="2026-04-20 10:31:03" data-filename="image5-300x300.jpeg" data-slide-type="image"><img loading="lazy" decoding="async" src="https://archivesdusenegal.gouv.sn/wp-content/uploads/2026/09/image5-300x300.jpeg" height="300" width="300" alt="" class="slider-3705 slide-3711 msDefaultImage" title="image5" /></li>
                <li style="display: none; width: 100%;" class="slide-3712 ms-image " aria-roledescription="slide" data-date="2026-04-20 10:31:03" data-filename="image3-300x300.jpeg" data-slide-type="image"><img loading="lazy" decoding="async" src="https://archivesdusenegal.gouv.sn/wp-content/uploads/2026/09/image3-300x300.jpeg" height="300" width="300" alt="" class="slider-3705 slide-3712 msDefaultImage" title="image3" /></li>
                <li style="display: none; width: 100%;" class="slide-3713 ms-image " aria-roledescription="slide" data-date="2026-04-20 10:31:03" data-filename="image4-300x300.jpeg" data-slide-type="image"><img loading="lazy" decoding="async" src="https://archivesdusenegal.gouv.sn/wp-content/uploads/2026/09/image4-300x300.jpeg" height="300" width="300" alt="" class="slider-3705 slide-3713 msDefaultImage" title="image4" /></li>
                <li style="display: none; width: 100%;" class="slide-3714 ms-image " aria-roledescription="slide" data-date="2026-04-20 10:31:03" data-filename="image1-300x300.jpeg" data-slide-type="image"><img loading="lazy" decoding="async" src="https://archivesdusenegal.gouv.sn/wp-content/uploads/2026/09/image1-300x300.jpeg" height="300" width="300" alt="" class="slider-3705 slide-3714 msDefaultImage" title="image1" /></li>
                <li style="display: none; width: 100%;" class="slide-3715 ms-image " aria-roledescription="slide" data-date="2026-04-20 10:31:03" data-filename="image3-300x300.jpeg" data-slide-type="image"><img loading="lazy" decoding="async" src="https://archivesdusenegal.gouv.sn/wp-content/uploads/2026/09/image3-300x300.jpeg" height="300" width="300" alt="" class="slider-3705 slide-3715 msDefaultImage" title="image3" /></li>
            </ul>
        </div>
        
    </div>
</div>[/et_pb_code][/et_pb_column][/et_pb_row][/et_pb_section]

<p>La Direction des Archives du Sénégal lance un grand chantier de traitement des archives, une opération d’envergure destinée à mieux organiser, préserver et rendre accessibles des pans majeurs de notre patrimoine documentaire. Ce chantier permettra notamment de mettre progressivement à la disposition du public les archives des premières années du Sénégal indépendant, ainsi qu’une partie [&hellip;]</p>
