{"id":622,"date":"2024-06-03T15:01:11","date_gmt":"2024-06-03T15:01:11","guid":{"rendered":"https:\/\/archivesdusenegal.gouv.sn\/?page_id=622"},"modified":"2025-11-17T10:28:10","modified_gmt":"2025-11-17T10:28:10","slug":"historique","status":"publish","type":"page","link":"https:\/\/archivesdusenegal.gouv.sn\/?page_id=622","title":{"rendered":"Historique"},"content":{"rendered":"<p>[et_pb_section fb_built=\u00a0\u00bb1&Prime; admin_label=\u00a0\u00bbHeader\u00a0\u00bb _builder_version=\u00a0\u00bb4.22.0&Prime; background_color=\u00a0\u00bbrgba(135,135,135,0.55)\u00a0\u00bb background_image=\u00a0\u00bbhttp:\/\/archivesdusenegal.gouv.sn\/wp-content\/uploads\/2025\/10\/Archives-3-scaled.jpg\u00a0\u00bb background_blend=\u00a0\u00bboverlay\u00a0\u00bb bottom_divider_color=\u00a0\u00bb#ffffff\u00a0\u00bb bottom_divider_height=\u00a0\u00bb160px\u00a0\u00bb locked=\u00a0\u00bboff\u00a0\u00bb global_colors_info=\u00a0\u00bb{}\u00a0\u00bb][et_pb_row _builder_version=\u00a0\u00bb4.22.0&Prime; global_colors_info=\u00a0\u00bb{}\u00a0\u00bb][et_pb_column type=\u00a0\u00bb4_4&Prime; _builder_version=\u00a0\u00bb4.16&Prime; custom_padding=\u00a0\u00bb50px||||false|false\u00a0\u00bb global_colors_info=\u00a0\u00bb{}\u00a0\u00bb][et_pb_text _builder_version=\u00a0\u00bb4.22.0&Prime; text_font=\u00a0\u00bbPoppins||||||||\u00a0\u00bb text_text_color=\u00a0\u00bb#FFFFFF\u00a0\u00bb text_font_size=\u00a0\u00bb16px\u00a0\u00bb text_line_height=\u00a0\u00bb1.8em\u00a0\u00bb header_font=\u00a0\u00bbPlayfair Display|700|||||||\u00a0\u00bb header_text_color=\u00a0\u00bb#FFFFFF\u00a0\u00bb header_font_size=\u00a0\u00bb60px\u00a0\u00bb header_line_height=\u00a0\u00bb1.1em\u00a0\u00bb header_font_size_tablet=\u00a0\u00bb40px\u00a0\u00bb header_font_size_phone=\u00a0\u00bb30px\u00a0\u00bb header_font_size_last_edited=\u00a0\u00bbon|phone\u00a0\u00bb locked=\u00a0\u00bboff\u00a0\u00bb global_colors_info=\u00a0\u00bb{}\u00a0\u00bb]<\/p>\n<h2 style=\"text-align: center;\"><span style=\"color: #ffffff;\"><strong><\/strong><\/span><\/h2>\n<p style=\"text-align: center;\">[\/et_pb_text][\/et_pb_column][\/et_pb_row][\/et_pb_section][et_pb_section fb_built=\u00a0\u00bb1&Prime; _builder_version=\u00a0\u00bb4.22.0&Prime; _module_preset=\u00a0\u00bbdefault\u00a0\u00bb global_colors_info=\u00a0\u00bb{}\u00a0\u00bb][et_pb_row column_structure=\u00a0\u00bb1_2,1_2&Prime; _builder_version=\u00a0\u00bb4.22.0&Prime; _module_preset=\u00a0\u00bbdefault\u00a0\u00bb background_color=\u00a0\u00bb#FFFFFF\u00a0\u00bb custom_margin=\u00a0\u00bb-81px|auto||auto||\u00a0\u00bb custom_padding=\u00a0\u00bb|20px||20px|false|false\u00a0\u00bb border_radii=\u00a0\u00bbon|5px|5px|5px|5px\u00a0\u00bb box_shadow_style=\u00a0\u00bbpreset1&Prime; box_shadow_color=\u00a0\u00bbrgba(0,0,0,0.18)\u00a0\u00bb global_colors_info=\u00a0\u00bb{}\u00a0\u00bb][et_pb_column type=\u00a0\u00bb1_2&Prime; _builder_version=\u00a0\u00bb4.22.0&Prime; _module_preset=\u00a0\u00bbdefault\u00a0\u00bb global_colors_info=\u00a0\u00bb{}\u00a0\u00bb][et_pb_post_title author=\u00a0\u00bboff\u00a0\u00bb date=\u00a0\u00bboff\u00a0\u00bb comments=\u00a0\u00bboff\u00a0\u00bb image_height=\u00a0\u00bb1000px\u00a0\u00bb _builder_version=\u00a0\u00bb4.22.0&Prime; _module_preset=\u00a0\u00bbdefault\u00a0\u00bb title_text_align=\u00a0\u00bbright\u00a0\u00bb title_text_color=\u00a0\u00bb#00853F\u00a0\u00bb title_font_size=\u00a0\u00bb28px\u00a0\u00bb hover_enabled=\u00a0\u00bb0&Prime; title_text_shadow_style=\u00a0\u00bbpreset3&Prime; global_colors_info=\u00a0\u00bb{}\u00a0\u00bb sticky_enabled=\u00a0\u00bb0&Prime;][\/et_pb_post_title][et_pb_text _builder_version=\u00a0\u00bb4.22.0&Prime; _module_preset=\u00a0\u00bbdefault\u00a0\u00bb text_font=\u00a0\u00bb|300|||||||\u00a0\u00bb text_font_size=\u00a0\u00bb16px\u00a0\u00bb text_line_height=\u00a0\u00bb1.8em\u00a0\u00bb global_colors_info=\u00a0\u00bb{}\u00a0\u00bb]<\/p>\n<ul>\n<li style=\"text-align: justify;\"><span style=\"color: #000000;\">Au d\u00e9but du si\u00e8cle dernier, le parlementaire fran\u00e7ais, Louis PUECH, d\u00e9non\u00e7ant la mauvaise tenue des archives des administrations coloniales en Afrique, pousse le Minist\u00e8re des colonies \u00e0 organiser les archives dans une perspective de police<\/span><\/li>\n<\/ul>\n<p style=\"text-align: justify;\"><span style=\"color: #000000;\"><\/span><\/p>\n<ul style=\"text-align: justify;\">\n<li><span style=\"color: #000000;\">Un archiviste pal\u00e9ographe, Claude Faure est recrut\u00e9 en 1911 par le Gouverneur G\u00e9n\u00e9ral William PONTY. Ce dernier commence un travail m\u00e9thodique de collecte et de sauvegarde des archives. Il inspire les premi\u00e8res mesures r\u00e9glementaires d&rsquo;organisation des archives. C&rsquo;est ainsi qu&rsquo;un d\u00e9p\u00f4t central des archives est institu\u00e9 \u00e0 Dakar pour l&rsquo;AOF, en m\u00eame temps qu&rsquo;un d\u00e9p\u00f4t au chef-lieu de chacune des huit colonies du groupe. Par la suite, Prosp\u00e8re Alquier (1921-1922), M\u00e9doune MBAYE (1923-1935)-archiviste amateur-, et Andr\u00e9 VILLARD poursuivent son \u0153uvre jusqu&rsquo;en 1942, date \u00e0 laquelle Th\u00e9odore MONOD h\u00e9rite des archives, bient\u00f4t plac\u00e9e sous la responsabilit\u00e9 de Marguerite VERDAT, archiviste pal\u00e9ographe (1945-1948).<\/span><\/li>\n<\/ul>\n<p style=\"text-align: justify;\"><span style=\"color: #000000;\"><\/span><\/p>\n<ul style=\"text-align: justify;\">\n<li><span style=\"color: #000000;\">Sous l&rsquo;\u00e9gide de Jacques CHARPY, archiviste pal\u00e9ographe, arriv\u00e9 \u00e0 Dakar en 1951, les archives quittent l&rsquo;IFAN et sont rattach\u00e9es au Secr\u00e9tariat g\u00e9n\u00e9ral du gouvernement. En 1957, l&rsquo;arr\u00eat\u00e9 n\u00b0 3780 (JOS, 24 mai 1957, p.521-522), sign\u00e9 par le vice-pr\u00e9sident du Conseil, d\u00e9l\u00e8gue au Ministre de l&rsquo;int\u00e9rieur la gestion de certains services territoriaux, en application de l&rsquo;article 10 du d\u00e9cret n\u00b0 5740 du 4 avril 1957 et rattache le service des archives \u00e0 ce minist\u00e8re.<\/span><\/li>\n<\/ul>\n<p style=\"text-align: justify;\"><span style=\"color: #000000;\"><\/span><\/p>\n<ul style=\"text-align: justify;\">\n<li><span style=\"color: #000000;\">En 1958, avec le transfert de la capitale du S\u00e9n\u00e9gal, de Saint-Louis \u00e0 Dakar, suivant la d\u00e9cision du Conseil du gouvernement, les Archives de l&rsquo;AOF et celles du S\u00e9n\u00e9gal sont regroup\u00e9es au Building administratif sous l&rsquo;\u00e9gide unique de Jean Fran\u00e7ois MAUREL, successeur de CHARPY \u00e0 partir de cette ann\u00e9e-l\u00e0.<\/span><\/li>\n<\/ul>\n<p style=\"text-align: justify;\"><span style=\"color: #000000;\"><\/span><\/p>\n<ul>\n<li style=\"text-align: justify;\"><span style=\"color: #000000;\">L&rsquo;ann\u00e9e suivante, l&rsquo;ordonnance n\u00b0 59-040 SG portant sur l&rsquo;organisation du Secr\u00e9tariat g\u00e9n\u00e9ral du gouvernement et dat\u00e9e du 31 mars 1959 (JORS, 20 avril 1959, p.392-394) rattache le service des archives \u00e0 la Direction des services administratifs, organe central du Secr\u00e9tariat g\u00e9n\u00e9ral du gouvernement. L&rsquo;article 12 de cette ordonnance d\u00e9finit les attributions du Service des archives. Elles concernent essentiellement cinq domaines :<\/span><\/li>\n<li style=\"text-align: justify;\"><span style=\"color: #000000;\">&#8211; la\u00a0 conservation, le classement et l&rsquo;\u00e9tablissement du r\u00e9pertoire des archives du S\u00e9n\u00e9gal. Cette triple activit\u00e9 concerne, bien s\u00fbr, tous les textes l\u00e9gislatifs et r\u00e9glementaires, mais aussi l&rsquo;ensemble des dossiers \u00ab\u00a0devenus inutiles pour le fonctionnement courant de l&rsquo;administration\u00a0\u00bb;<\/span><\/li>\n<li style=\"text-align: justify;\"><span style=\"color: #000000;\">&#8211; la gestion et la mise \u00e0 jour de la biblioth\u00e8que administrative et historique du gouvernement, la tenue et l&rsquo;accroissement des collections, ainsi que le contr\u00f4le des pr\u00eats de livres;<\/span><\/li>\n<li style=\"text-align: justify;\"><span style=\"color: #000000;\">&#8211; la centralisation et le classement des publications officielles des minist\u00e8res et des organismes publics du S\u00e9n\u00e9gal;<\/span><\/li>\n<li style=\"text-align: justify;\"><span style=\"color: #000000;\">&#8211; la constitution de dossiers de documentation, l&rsquo;organisation et le contr\u00f4le de la communication de tous les documents aux utilisateurs, et notamment aux services gouvernementaux .<\/span><\/li>\n<\/ul>\n<p>[\/et_pb_text][\/et_pb_column][et_pb_column type=\u00a0\u00bb1_2&Prime; _builder_version=\u00a0\u00bb4.22.0&Prime; _module_preset=\u00a0\u00bbdefault\u00a0\u00bb global_colors_info=\u00a0\u00bb{}\u00a0\u00bb][et_pb_text _builder_version=\u00a0\u00bb4.22.0&Prime; _module_preset=\u00a0\u00bbdefault\u00a0\u00bb text_font=\u00a0\u00bb|300|||||||\u00a0\u00bb text_font_size=\u00a0\u00bb16px\u00a0\u00bb text_line_height=\u00a0\u00bb1.8em\u00a0\u00bb global_colors_info=\u00a0\u00bb{}\u00a0\u00bb]<\/p>\n<p><span style=\"color: #000000;\"><\/span><\/p>\n<p><span style=\"color: #000000;\"><\/span><\/p>\n<p>&nbsp;<\/p>\n<ul>\n<li style=\"text-align: justify;\"><span style=\"color: #000000;\">-l&rsquo;\u00e9tablissement et la signature des exp\u00e9ditions authentiques, le contr\u00f4le des archives des cercles et la pr\u00e9paration des tables du journal officiel.<\/span><\/li>\n<li style=\"text-align: justify;\"><span style=\"color: #000000;\">Le d\u00e9cret n\u00b070-232 du 26 f\u00e9vrier 1970 relatif \u00e0 l&rsquo;organisation des services du Premier ministre (JORS, 7 mars 1970, p. 238-240) poste nouvellement cr\u00e9\u00e9 apr\u00e8s la r\u00e9vision de l&rsquo;article 35 de la constitution du 7 mars 1963, divise ses services en :<\/span><\/li>\n<li style=\"text-align: justify;\"><span style=\"color: #000000;\">&#8211;\u00a0 Cabinet du 1er ministre ;<\/span><\/li>\n<li style=\"text-align: justify;\"><span style=\"color: #000000;\">&#8211; Secr\u00e9tariat g\u00e9n\u00e9ral du Gouvernement &#8211; lequel comprend des services propres et des services rattach\u00e9s.<\/span><\/li>\n<\/ul>\n<ul style=\"text-align: justify;\">\n<li><span style=\"color: #000000;\">En vertu de l&rsquo;article 7 dudit d\u00e9cret, le Service des archives est l&rsquo;un des services rattach\u00e9s au Secr\u00e9tariat g\u00e9n\u00e9ral du Gouvernement. Les missions des Archives nationales, d\u00e9sormais appel\u00e9es \u00ab\u00a0Service des Archives nationales\u00a0\u00bb, sont sommairement d\u00e9finies \u00e0 l&rsquo;article 10. Elles consistent :<\/span><\/li>\n<li><span style=\"color: #000000;\">&#8211; \u00e0 conserver, \u00e0 classer et \u00e0 r\u00e9pertorier les archives de l&rsquo;Etat et des collectivit\u00e9s publiques ;<\/span><br \/><span style=\"color: #000000;\"> &#8211;\u00a0\u00e0 g\u00e9rer un centre de documentation ouvert aux agents des services publiques et aux tiers, dans les conditions r\u00e9glementaires en vigueur.<\/span><\/li>\n<\/ul>\n<ul style=\"text-align: justify;\">\n<li><span style=\"color: #000000;\">Bien entendu, les missions d\u00e9finies par l&rsquo;ordonnance 59-040 du 31 mars demeurent valables dans la mesure o\u00f9 elles n&rsquo;ont pas \u00e9t\u00e9 abrog\u00e9es. De m\u00eame, sont rest\u00e9es en vigueur, les dispositions du d\u00e9cret n\u00b062-0215M.J du 28 mai 1962 ordonnant le versement aux \u00ab\u00a0Archives nationales\u00a0\u00bb (appellation qui appara\u00eet alors pour la premi\u00e8re fois) des archives d\u00e9cennales judiciaires ayant plus de 50 ans et celles du d\u00e9cret n\u00b068-342 du 29 mars 1968 relatif au d\u00e9p\u00f4t dans les Archives nationales des actes notari\u00e9s de plus de 50 ans.<\/span><\/li>\n<\/ul>\n<ul>\n<li style=\"text-align: justify;\"><span style=\"color: #000000;\">En 1976, Saliou MBAYE, archiviste pal\u00e9ographe, assure l&rsquo;int\u00e9rim de la Direction des Archives du S\u00e9n\u00e9gal. Environ un an plus tard, le Service des Archives nationales est \u00e9rig\u00e9 en Direction par le d\u00e9cret 77-615 du 21 juillet 1977 modifiant le d\u00e9cret n\u00b070-232 du 26 f\u00e9vrier 1970 relatif \u00e0 l&rsquo;organisation des services du Premier ministre (JORS, 13 ao\u00fbt 1977, p.1058-1059). Ainsi, le Service des Archives nationales devient Direction des Archives du S\u00e9n\u00e9gal. Le m\u00eame jour, par d\u00e9cret n\u00b077-616 du 21 juillet 1977, Saliou MBAYE est nomm\u00e9 Directeur des Archives du S\u00e9n\u00e9gal. Il entreprend d\u00e8s son arriv\u00e9e \u00e0 la t\u00eate de la Direction des Archives plusieurs chantiers dont la publication d&rsquo;instruments de recherche, une l\u00e9gislation archivistique et l&rsquo;organisation de plusieurs colloques et rencontres internationaux sur la recherche en sciences sociales en Afrique.<\/span><\/li>\n<\/ul>\n<p>[\/et_pb_text][\/et_pb_column][\/et_pb_row][\/et_pb_section]<\/p>\n","protected":false},"excerpt":{"rendered":"<p>Au d\u00e9but du si\u00e8cle dernier, le parlementaire fran\u00e7ais, Louis PUECH, d\u00e9non\u00e7ant la mauvaise tenue des archives des administrations coloniales en Afrique, pousse le Minist\u00e8re des colonies \u00e0 organiser les archives dans une perspective de police Un archiviste pal\u00e9ographe, Claude Faure est recrut\u00e9 en 1911 par le Gouverneur G\u00e9n\u00e9ral William PONTY. Ce dernier commence un travail [&hellip;]<\/p>\n","protected":false},"author":3,"featured_media":0,"parent":0,"menu_order":0,"comment_status":"closed","ping_status":"closed","template":"","meta":{"_et_pb_use_builder":"on","_et_pb_old_content":"","_et_gb_content_width":"","footnotes":""},"class_list":["post-622","page","type-page","status-publish","hentry"],"_links":{"self":[{"href":"https:\/\/archivesdusenegal.gouv.sn\/index.php?rest_route=\/wp\/v2\/pages\/622","targetHints":{"allow":["GET"]}}],"collection":[{"href":"https:\/\/archivesdusenegal.gouv.sn\/index.php?rest_route=\/wp\/v2\/pages"}],"about":[{"href":"https:\/\/archivesdusenegal.gouv.sn\/index.php?rest_route=\/wp\/v2\/types\/page"}],"author":[{"embeddable":true,"href":"https:\/\/archivesdusenegal.gouv.sn\/index.php?rest_route=\/wp\/v2\/users\/3"}],"replies":[{"embeddable":true,"href":"https:\/\/archivesdusenegal.gouv.sn\/index.php?rest_route=%2Fwp%2Fv2%2Fcomments&post=622"}],"version-history":[{"count":19,"href":"https:\/\/archivesdusenegal.gouv.sn\/index.php?rest_route=\/wp\/v2\/pages\/622\/revisions"}],"predecessor-version":[{"id":2682,"href":"https:\/\/archivesdusenegal.gouv.sn\/index.php?rest_route=\/wp\/v2\/pages\/622\/revisions\/2682"}],"wp:attachment":[{"href":"https:\/\/archivesdusenegal.gouv.sn\/index.php?rest_route=%2Fwp%2Fv2%2Fmedia&parent=622"}],"curies":[{"name":"wp","href":"https:\/\/api.w.org\/{rel}","templated":true}]}}