{"id":678,"date":"2024-06-03T19:32:52","date_gmt":"2024-06-03T19:32:52","guid":{"rendered":"https:\/\/archivesdusenegal.gouv.sn\/?page_id=678"},"modified":"2025-11-16T14:28:37","modified_gmt":"2025-11-16T14:28:37","slug":"senegal-colonial","status":"publish","type":"page","link":"https:\/\/archivesdusenegal.gouv.sn\/?page_id=678","title":{"rendered":"S\u00e9n\u00e9gal Colonial"},"content":{"rendered":"[et_pb_section admin_label=\u00a0\u00bbsection\u00a0\u00bb]\n\t\t\t[et_pb_row admin_label=\u00a0\u00bbrow\u00a0\u00bb]\n\t\t\t\t[et_pb_column type=\u00a0\u00bb4_4&Prime;][et_pb_text admin_label=\u00a0\u00bbText\u00a0\u00bb]\n<table id=\"tablepress-1\" class=\"tablepress tablepress-id-1\">\n<thead>\n<tr class=\"row-1\">\n\t<th class=\"column-1\"><div style=\"background-color:green\"><br \/>\n<span style=\"color:#FFFF;\"><strong>S\u00e9rie<\/strong><\/span><br \/>\n<\/div><\/th><th class=\"column-2\"><span style=\"color:#FFFF;\"><strong>Sous S\u00e9rie<\/strong><\/span><\/th>\n<\/tr>\n<\/thead>\n<tbody class=\"row-striping row-hover\">\n<tr class=\"row-2\">\n\t<td class=\"column-1\">A- ACTES OFFICIELS<\/td><td class=\"column-2\">1A- Ordres, Arr\u00eat\u00e9s et D\u00e9cisions <br \/>\n2A- Circulaires<br \/>\n<\/td>\n<\/tr>\n<tr class=\"row-3\">\n\t<td class=\"column-1\">B- CORRESPONDANCES ,GENERALITES<\/td><td class=\"column-2\"><\/td>\n<\/tr>\n<tr class=\"row-4\">\n\t<td class=\"column-1\">C- PERSONNEL<\/td><td class=\"column-2\">1C-Dossiers individuels de personnel\u2026<br \/>\n2C-Statut du Personnel<br \/>\n3C-Distinctions honorifiques.<br \/>\n4C-Dossiers individuels du personnel de l'assistance technique.<\/td>\n<\/tr>\n<tr class=\"row-5\">\n\t<td class=\"column-1\">D- ADMINISTRATION GENERALE ET AFFAIRES RELIGIEUSES<\/td><td class=\"column-2\">10D-Administration Centrale<br \/>\n11D-Administration territoriale<\/td>\n<\/tr>\n<tr class=\"row-6\">\n\t<td class=\"column-1\">F- POLICE ET PRISONS<\/td><td class=\"column-2\">1F-Police et suret\u00e9 <br \/>\n2F-Prisons<\/td>\n<\/tr>\n<tr class=\"row-7\">\n\t<td class=\"column-1\">G- ENSEIGNEMENTS SCIENCES ET ARTS<\/td><td class=\"column-2\">1G-Enseignement <br \/>\n<\/td>\n<\/tr>\n<tr class=\"row-8\">\n\t<td class=\"column-1\">H- SANTE ET ASSISTANCE PUBLIQUE<\/td><td class=\"column-2\">H-Services sanitaires <\/td>\n<\/tr>\n<tr class=\"row-9\">\n\t<td class=\"column-1\">J- TELECOMUNICATIONS<\/td><td class=\"column-2\"><\/td>\n<\/tr>\n<tr class=\"row-10\">\n\t<td class=\"column-1\">L-NAVIGATION<\/td><td class=\"column-2\">1L-Marine de guerre<br \/>\n2L-Marine de commerce<br \/>\n3L-M\u00e9t\u00e9orologie<br \/>\n4L-Aviation<br \/>\n<\/td>\n<\/tr>\n<tr class=\"row-11\">\n\t<td class=\"column-1\">M-JUSTICE<\/td><td class=\"column-2\">6M-Justice indig\u00e8ne<br \/>\n7M-Actes judiciaires ( S\u00e9n\u00e9gal et d\u00e9pendance)<\/td>\n<\/tr>\n<tr class=\"row-12\">\n\t<td class=\"column-1\">N-AFFAIRES MILLITAIRES<\/td><td class=\"column-2\">1N-Op\u00e9rations militaires<br \/>\n2N-Organisation militaire<br \/>\n3N-Personnel militaire<br \/>\n4N-Gendarmerie et garde-cercles<\/td>\n<\/tr>\n<tr class=\"row-13\">\n\t<td class=\"column-1\">O-DOMAINES ET ENREGISTREMENT<\/td><td class=\"column-2\">1O-Domaine<br \/>\n2O-Enregistrement<\/td>\n<\/tr>\n<tr class=\"row-14\">\n\t<td class=\"column-1\">P-DOUANE<\/td><td class=\"column-2\">1P-G\u00e9n\u00e9ralit\u00e9s<br \/>\n2P-Taxes,droits,fraudes<\/td>\n<\/tr>\n<tr class=\"row-15\">\n\t<td class=\"column-1\">Q-AFFAIRES ECONOMIQUES<\/td><td class=\"column-2\">1Q-Commerce<br \/>\n2Q-Industrie<br \/>\n3Q-Mines<br \/>\n4Q-Transports et communications<br \/>\n5Q-Soci\u00e9t\u00e9s de pr\u00e9voyance , coop\u00e9ratives, S.M.P.R<br \/>\n<\/td>\n<\/tr>\n<tr class=\"row-16\">\n\t<td class=\"column-1\">R-AFFAIRES AGRICOLES -EAUX ET FORETS -ELEVAGE,PECHE<\/td><td class=\"column-2\">1R-Agriculture<br \/>\n2R-Elevage<br \/>\n3R-F\u00f4rets<br \/>\n4R-P\u00eache<\/td>\n<\/tr>\n<tr class=\"row-17\">\n\t<td class=\"column-1\">S-TRAVAIL ET MAIN D'\u0152UVRE<\/td><td class=\"column-2\">1S-Inspection du travail<br \/>\n2S-Travail<br \/>\n3S-Conditions de travail<br \/>\n4S-Main d'\u0153uvre<br \/>\n5S-Differends du travail<\/td>\n<\/tr>\n<tr class=\"row-18\">\n\t<td class=\"column-1\">T-FINANCES<\/td><td class=\"column-2\">1T-Budget<br \/>\n2T-Tr\u00e9sor<br \/>\n3T-Agences sp\u00e9ciales<br \/>\n4T-Comptabilit\u00e9 mati\u00e8res<\/td>\n<\/tr>\n<tr class=\"row-19\">\n\t<td class=\"column-1\">Z-FONDS PRIVES<\/td><td class=\"column-2\">1Z-Particuliers<br \/>\n2Z-Associations<br \/>\n3Z-Entreprises et soci\u00e9t\u00e9s<br \/>\n4Z-Notaires<\/td>\n<\/tr>\n<\/tbody>\n<\/table>\n<!-- #tablepress-1 from cache -->\n[\/et_pb_text][\/et_pb_column]\n\t\t\t[\/et_pb_row]\n\t\t[\/et_pb_section]","protected":false},"excerpt":{"rendered":"\n<table id=\"tablepress-1-no-2\" class=\"tablepress tablepress-id-1\">\n<thead>\n<tr class=\"row-1\">\n\t<th class=\"column-1\"><div style=\"background-color:green\"><br \/>\n<span style=\"color:#FFFF;\"><strong>S\u00e9rie<\/strong><\/span><br \/>\n<\/div><\/th><th class=\"column-2\"><span style=\"color:#FFFF;\"><strong>Sous S\u00e9rie<\/strong><\/span><\/th>\n<\/tr>\n<\/thead>\n<tbody class=\"row-striping row-hover\">\n<tr class=\"row-2\">\n\t<td class=\"column-1\">A- ACTES OFFICIELS<\/td><td class=\"column-2\">1A- Ordres, Arr\u00eat\u00e9s et D\u00e9cisions <br \/>\n2A- Circulaires<br \/>\n<\/td>\n<\/tr>\n<tr class=\"row-3\">\n\t<td class=\"column-1\">B- CORRESPONDANCES ,GENERALITES<\/td><td class=\"column-2\"><\/td>\n<\/tr>\n<tr class=\"row-4\">\n\t<td class=\"column-1\">C- PERSONNEL<\/td><td class=\"column-2\">1C-Dossiers individuels de personnel\u2026<br \/>\n2C-Statut du Personnel<br \/>\n3C-Distinctions honorifiques.<br \/>\n4C-Dossiers individuels du personnel de l'assistance technique.<\/td>\n<\/tr>\n<tr class=\"row-5\">\n\t<td class=\"column-1\">D- ADMINISTRATION GENERALE ET AFFAIRES RELIGIEUSES<\/td><td class=\"column-2\">10D-Administration Centrale<br \/>\n11D-Administration territoriale<\/td>\n<\/tr>\n<tr class=\"row-6\">\n\t<td class=\"column-1\">F- POLICE ET PRISONS<\/td><td class=\"column-2\">1F-Police et suret\u00e9 <br \/>\n2F-Prisons<\/td>\n<\/tr>\n<tr class=\"row-7\">\n\t<td class=\"column-1\">G- ENSEIGNEMENTS SCIENCES ET ARTS<\/td><td class=\"column-2\">1G-Enseignement <br \/>\n<\/td>\n<\/tr>\n<tr class=\"row-8\">\n\t<td class=\"column-1\">H- SANTE ET ASSISTANCE PUBLIQUE<\/td><td class=\"column-2\">H-Services sanitaires <\/td>\n<\/tr>\n<tr class=\"row-9\">\n\t<td class=\"column-1\">J- TELECOMUNICATIONS<\/td><td class=\"column-2\"><\/td>\n<\/tr>\n<tr class=\"row-10\">\n\t<td class=\"column-1\">L-NAVIGATION<\/td><td class=\"column-2\">1L-Marine de guerre<br \/>\n2L-Marine de commerce<br \/>\n3L-M\u00e9t\u00e9orologie<br \/>\n4L-Aviation<br \/>\n<\/td>\n<\/tr>\n<tr class=\"row-11\">\n\t<td class=\"column-1\">M-JUSTICE<\/td><td class=\"column-2\">6M-Justice indig\u00e8ne<br \/>\n7M-Actes judiciaires ( S\u00e9n\u00e9gal et d\u00e9pendance)<\/td>\n<\/tr>\n<tr class=\"row-12\">\n\t<td class=\"column-1\">N-AFFAIRES MILLITAIRES<\/td><td class=\"column-2\">1N-Op\u00e9rations militaires<br \/>\n2N-Organisation militaire<br \/>\n3N-Personnel militaire<br \/>\n4N-Gendarmerie et garde-cercles<\/td>\n<\/tr>\n<tr class=\"row-13\">\n\t<td class=\"column-1\">O-DOMAINES ET ENREGISTREMENT<\/td><td class=\"column-2\">1O-Domaine<br \/>\n2O-Enregistrement<\/td>\n<\/tr>\n<tr class=\"row-14\">\n\t<td class=\"column-1\">P-DOUANE<\/td><td class=\"column-2\">1P-G\u00e9n\u00e9ralit\u00e9s<br \/>\n2P-Taxes,droits,fraudes<\/td>\n<\/tr>\n<tr class=\"row-15\">\n\t<td class=\"column-1\">Q-AFFAIRES ECONOMIQUES<\/td><td class=\"column-2\">1Q-Commerce<br \/>\n2Q-Industrie<br \/>\n3Q-Mines<br \/>\n4Q-Transports et communications<br \/>\n5Q-Soci\u00e9t\u00e9s de pr\u00e9voyance , coop\u00e9ratives, S.M.P.R<br \/>\n<\/td>\n<\/tr>\n<tr class=\"row-16\">\n\t<td class=\"column-1\">R-AFFAIRES AGRICOLES -EAUX ET FORETS -ELEVAGE,PECHE<\/td><td class=\"column-2\">1R-Agriculture<br \/>\n2R-Elevage<br \/>\n3R-F\u00f4rets<br \/>\n4R-P\u00eache<\/td>\n<\/tr>\n<tr class=\"row-17\">\n\t<td class=\"column-1\">S-TRAVAIL ET MAIN D'\u0152UVRE<\/td><td class=\"column-2\">1S-Inspection du travail<br \/>\n2S-Travail<br \/>\n3S-Conditions de travail<br \/>\n4S-Main d'\u0153uvre<br \/>\n5S-Differends du travail<\/td>\n<\/tr>\n<tr class=\"row-18\">\n\t<td class=\"column-1\">T-FINANCES<\/td><td class=\"column-2\">1T-Budget<br \/>\n2T-Tr\u00e9sor<br \/>\n3T-Agences sp\u00e9ciales<br \/>\n4T-Comptabilit\u00e9 mati\u00e8res<\/td>\n<\/tr>\n<tr class=\"row-19\">\n\t<td class=\"column-1\">Z-FONDS PRIVES<\/td><td class=\"column-2\">1Z-Particuliers<br \/>\n2Z-Associations<br \/>\n3Z-Entreprises et soci\u00e9t\u00e9s<br \/>\n4Z-Notaires<\/td>\n<\/tr>\n<\/tbody>\n<\/table>\n\n","protected":false},"author":3,"featured_media":0,"parent":0,"menu_order":0,"comment_status":"closed","ping_status":"closed","template":"","meta":{"_et_pb_use_builder":"on","_et_pb_old_content":"<!-- wp:shortcode -->\n[table id=1 \/]\n<!-- \/wp:shortcode -->","_et_gb_content_width":"","footnotes":""},"class_list":["post-678","page","type-page","status-publish","hentry"],"_links":{"self":[{"href":"https:\/\/archivesdusenegal.gouv.sn\/index.php?rest_route=\/wp\/v2\/pages\/678","targetHints":{"allow":["GET"]}}],"collection":[{"href":"https:\/\/archivesdusenegal.gouv.sn\/index.php?rest_route=\/wp\/v2\/pages"}],"about":[{"href":"https:\/\/archivesdusenegal.gouv.sn\/index.php?rest_route=\/wp\/v2\/types\/page"}],"author":[{"embeddable":true,"href":"https:\/\/archivesdusenegal.gouv.sn\/index.php?rest_route=\/wp\/v2\/users\/3"}],"replies":[{"embeddable":true,"href":"https:\/\/archivesdusenegal.gouv.sn\/index.php?rest_route=%2Fwp%2Fv2%2Fcomments&post=678"}],"version-history":[{"count":48,"href":"https:\/\/archivesdusenegal.gouv.sn\/index.php?rest_route=\/wp\/v2\/pages\/678\/revisions"}],"predecessor-version":[{"id":2569,"href":"https:\/\/archivesdusenegal.gouv.sn\/index.php?rest_route=\/wp\/v2\/pages\/678\/revisions\/2569"}],"wp:attachment":[{"href":"https:\/\/archivesdusenegal.gouv.sn\/index.php?rest_route=%2Fwp%2Fv2%2Fmedia&parent=678"}],"curies":[{"name":"wp","href":"https:\/\/api.w.org\/{rel}","templated":true}]}}